{"id":7685,"date":"2024-02-25T10:23:49","date_gmt":"2024-02-25T09:23:49","guid":{"rendered":"https:\/\/milchyn.cz\/?page_id=7685"},"modified":"2025-12-14T09:22:38","modified_gmt":"2025-12-14T09:22:38","slug":"monitor-reactivation","status":"publish","type":"page","link":"https:\/\/milchyn.cz\/monitor-reactivation","title":{"rendered":"Automatick\u00e1 raktivace monitoru"},"content":{"rendered":"<p style=\"text-align: right;\"><em>Xubuntu 24.04 LTS<\/em><\/p>\n<h5>P\u0159\u00edpad<\/h5>\n<p>M\u016f\u017ee nastat situace, \u017ee po op\u011btovn\u00e9m p\u0159ipojen\u00ed nebo zapnut\u00ed monitoru se tento neaktivuje. Je bez sign\u00e1lu.<\/p>\n<h5>\u0158e\u0161en\u00ed<\/h5>\n<p>Op\u011btovn\u00e1 aktivace monitoru <mark>pomoc\u00ed udev pravidla<\/mark>, kter\u00e1 se vykon\u00e1 p\u0159i ud\u00e1losti na grafick\u00e9 kart\u011b. To zp\u016fsob\u00ed <mark>spu\u0161t\u011bn\u00ed skriptu pro op\u011btovnou aktivaci monitoru<\/mark>.<\/p>\n<p><strong>\u261d\ufe0f<\/strong> U\u017eivatel mus\u00ed m\u00edt administr\u00e1torsk\u00e9 opr\u00e1vn\u011bn\u00ed<em> (\u010dlen sudo)<\/em>.<\/p>\n<p>&nbsp;<\/p>\n<a id=\"vytvo\u0159en\u00ed_udev_pravidla\"><\/a><div class=\"mch-acr\"><div class=\"mch-acr-title\" role=\"button\" tabindex=\"0\" aria-expanded=\"false\" aria-controls=\"mch-acr-content-6\">Vytvo\u0159en\u00ed \u201eudev\u201c pravidla<\/div><div id=\"mch-acr-content-6\" class=\"mch-acr-content\" hidden><\/p>\n<p style=\"text-align: left\">\ud83d\udcbb <code>sudo mousepad \/etc\/udev\/rules.d\/11-reactivate-monitor.rules<\/code><\/p>\n<p style=\"text-align: left\">Vlo\u017eit:<\/p>\n<p><pre>####################################################################################\n#\n#&nbsp;&nbsp;REAKTIVACE MONITORU PO JEHO ODPOJENI A PRIPOJENI K POCITACI\n#&nbsp;&nbsp;===========================================================\n#\n#&nbsp;&nbsp;30.12.2021\n#\n#&nbsp;&nbsp;&amp;gt; \/etc\/udev\/rules.d\/11-reactivate-monitor.rules\n#&nbsp;&nbsp;&nbsp;&nbsp;\/etc\/udev\/11-reactivate-monitor.sh\n#\n#&nbsp;&nbsp;sudo udevadm control --reload-rules &amp;amp;&amp;amp; sudo udevadm trigger\n#&nbsp;&nbsp;sudo udevadm info -q all -n \/dev\/dri\/card*\n#&nbsp;&nbsp;sudo udevadm info -an \/dev\/dri\/card0\n#&nbsp;&nbsp;sudo udevadm monitor -puk\n#\n\nACTION==&quot;change&quot;, KERNEL==&quot;card*&quot;, RUN+=&quot;\/bin\/sh \/etc\/udev\/11-reactivate-monitor.sh&quot;\n####################################################################################\n<\/pre><br \/>\nP\u0159\u00edstupov\u00e1 pr\u00e1va:<\/p>\n<p>\ud83d\udcbb <code>sudo chown root:root \/etc\/udev\/rules.d\/11-reactivate-monitor.rules<\/code><\/p>\n<p>\ud83d\udcbb <code>sudo chmod 644 \/etc\/udev\/rules.d\/11-reactivate-monitor.rules<\/code><\/p>\n<p><\/div><\/div>\n<a id=\"vytvo\u0159en\u00ed_aktiva\u010dn\u00edho_skriptu\"><\/a><div class=\"mch-acr\"><div class=\"mch-acr-title\" role=\"button\" tabindex=\"0\" aria-expanded=\"false\" aria-controls=\"mch-acr-content-7\">Vytvo\u0159en\u00ed aktiva\u010dn\u00edho skriptu<\/div><div id=\"mch-acr-content-7\" class=\"mch-acr-content\" hidden><\/p>\n<p>\ud83d\udcbb <code>sudo mousepad \/etc\/udev\/11-reactivate-monitor.sh<\/code><\/p>\n<p>Vlo\u017eit:<br \/>\n<pre>#!\/bin\/sh \n####################################################################################\n#\n#&nbsp;&nbsp;REAKTIVACE MONITORU PO JEHO ODPOJENI A PRIPOJENI K POCITACI\n#&nbsp;&nbsp;===========================================================\n#\n#&nbsp;&nbsp;29.12.2021\n#\n#&nbsp;&nbsp;&nbsp;&nbsp;\/etc\/udev\/rules.d\/11-reactivate-monitor.rules\n#&nbsp;&nbsp;&amp;gt; \/etc\/udev\/11-reactivate-monitor.sh\n#\n\n###&nbsp;&nbsp;LOGOVANI DO SOUBORU&nbsp;&nbsp;###\n\n_Log=&quot;\/tmp\/11-reactivate-monitor.log&quot;\n\necho &quot;`date &quot;+%d.%m.%Y %H:%M:%S&quot;` $0 $*&quot; &amp;gt;&amp;gt;$_Log\n\n###&nbsp;&nbsp;FUNKCE REAKTIVACE ZOBRAZENI&nbsp;&nbsp;###\n\nfnc_Reaktivace()\n{\n&nbsp;&nbsp;&nbsp;&nbsp;_Xorg_Ix=`pgrep Xorg -c`\n\n&nbsp;&nbsp;&nbsp;&nbsp;until [ $_Xorg_Ix -le 0 ]\n&nbsp;&nbsp;&nbsp;&nbsp;do\n&nbsp;&nbsp;&nbsp;&nbsp;&nbsp;&nbsp;&nbsp;&nbsp;_Xorg_Ix=$(( $_Xorg_Ix - 1 ))\n&nbsp;&nbsp;&nbsp;&nbsp;&nbsp;&nbsp;&nbsp;&nbsp;echo &quot;`date &quot;+%d.%m.%Y %H:%M:%S&quot;` - Xorg: $_Xorg_Ix&quot; &amp;gt;&amp;gt;$_Log\n&nbsp;&nbsp;&nbsp;&nbsp;&nbsp;&nbsp;&nbsp;&nbsp;export XAUTHORITY=\/var\/run\/lightdm\/root\/:$_Xorg_Ix \n&nbsp;&nbsp;&nbsp;&nbsp;&nbsp;&nbsp;&nbsp;&nbsp;sudo \/usr\/bin\/xrandr --verbose -d :$_Xorg_Ix --auto 2&amp;gt;&amp;gt;$_Log &amp;gt;&amp;gt;$_Log\n&nbsp;&nbsp;&nbsp;&nbsp;done\n}\n\n###&nbsp;&nbsp;POKUSY REAKTIVACE S CASOVYM ROZESTUPEM V SEC.&nbsp;&nbsp;###\n\nsleep 3\n\nfnc_Reaktivace\n\nsleep 5\n\nfnc_Reaktivace\n\nsleep 5\n\nfnc_Reaktivace\n\nunset _Xorg_Ix _Log\n####################################################################################<\/pre><br \/>\nP\u0159\u00edstupov\u00e1 pr\u00e1va:<\/p>\n<p>\ud83d\udcbb <code>sudo chown root:root \/etc\/udev\/11-reactivate-monitor.sh<\/code><\/p>\n<p>\ud83d\udcbb <code>sudo chmod 700 \/etc\/udev\/11-reactivate-monitor.sh<\/code><\/p>\n<p><\/div><\/div>\n<a id=\"aktivace_pravidla\"><\/a><div class=\"mch-acr\"><div class=\"mch-acr-title\" role=\"button\" tabindex=\"0\" aria-expanded=\"false\" aria-controls=\"mch-acr-content-8\">Aktivace pravidla<\/div><div id=\"mch-acr-content-8\" class=\"mch-acr-content\" hidden><\/p>\n<p style=\"text-align: left\">\ud83d\udcbb <code>sudo udevadm control --reload-rules &amp;amp;&amp;amp; sudo udevadm trigger<\/code><\/p>\n<p><\/div><\/div>\n<a id=\"zobrazen\u00ed_informac\u00ed\"><\/a><div class=\"mch-acr\"><div class=\"mch-acr-title\" role=\"button\" tabindex=\"0\" aria-expanded=\"false\" aria-controls=\"mch-acr-content-9\">Zobrazen\u00ed informac\u00ed<\/div><div id=\"mch-acr-content-9\" class=\"mch-acr-content\" hidden><\/p>\n<p>\ud83d\udcbb <code>sudo udevadm info -q all -n \/dev\/dri\/card*<\/code><\/p>\n<p>Zobraz\u00ed ve\u0161ker\u00e9 informace (udev atributy, identifik\u00e1tory, hierarchii za\u0159\u00edzen\u00ed atd.) pro v\u0161echna grafick\u00e1 za\u0159\u00edzen\u00ed (card0, card1, &#8230;), kter\u00e1 se nach\u00e1zej\u00ed v adres\u00e1\u0159i \/dev\/dri\/.<\/p>\n<p>\ud83d\udcbb <code>sudo udevadm info -a -n \/dev\/dri\/card0<\/code><\/p>\n<p>Zobraz\u00ed v\u0161echny atributy za\u0159\u00edzen\u00ed \/dev\/dri\/card0 a jeho nad\u0159azen\u00fdch za\u0159\u00edzen\u00ed (a\u017e ke ko\u0159enov\u00e9mu za\u0159\u00edzen\u00ed v \/sys).<\/p>\n<p>\ud83d\udcbb <code>sudo udevadm monitor -puk<\/code><\/p>\n<p>Zobraz\u00ed ud\u00e1lost\u00ed za\u0159\u00edzen\u00ed v re\u00e1ln\u00e9m \u010dase, kter\u00e9 zachyt\u00e1v\u00e1 udev.<\/p>\n<p><\/div><\/div>\n<a id=\"definice_pro_intel_grafiky_i915\"><\/a><div class=\"mch-acr\"><div class=\"mch-acr-title\" role=\"button\" tabindex=\"0\" aria-expanded=\"false\" aria-controls=\"mch-acr-content-10\">Definice pro Intel grafiky i915<\/div><div id=\"mch-acr-content-10\" class=\"mch-acr-content\" hidden><\/p>\n<p>\ud83d\udcbb <code>sudo vi \/etc\/default\/grub<\/code><\/p>\n<p>Za\u010dlenit:<br \/>\n<pre>&lt;i&gt;GRUB_CMDLINE_LINUX_DEFAULT=&quot;quiet splash i915.enable_psr=0 i915.enable_fbc=0 drm_kms_helper.poll=0&quot;&lt;\/i&gt;<\/pre><br \/>\n\ud83d\udcbb <code>sudo update-grub<\/code><\/p>\n<p>Restartovat po\u010d\u00edta\u010d&#8230;<\/p>\n<p><\/div><\/div>\n","protected":false},"excerpt":{"rendered":"<p>Xubuntu 24.04 LTS P\u0159\u00edpad M\u016f\u017ee nastat situace, \u017ee po op\u011btovn\u00e9m p\u0159ipojen\u00ed nebo zapnut\u00ed monitoru se tento neaktivuje. Je bez sign\u00e1lu. \u0158e\u0161en\u00ed Op\u011btovn\u00e1 aktivace monitoru pomoc\u00ed udev pravidla, kter\u00e1 se vykon\u00e1 p\u0159i ud\u00e1losti na grafick\u00e9 kart\u011b. To zp\u016fsob\u00ed spu\u0161t\u011bn\u00ed skriptu pro op\u011btovnou aktivaci monitoru. \u261d\ufe0f U\u017eivatel mus\u00ed m\u00edt administr\u00e1torsk\u00e9 opr\u00e1vn\u011bn\u00ed (\u010dlen sudo). &nbsp;<\/p>\n","protected":false},"author":1,"featured_media":0,"parent":8713,"menu_order":55,"comment_status":"closed","ping_status":"closed","template":"","meta":{"footnotes":""},"class_list":["post-7685","page","type-page","status-publish","hentry"],"yoast_head":"<!-- This site is optimized with the Yoast SEO plugin v26.1.1 - https:\/\/yoast.com\/wordpress\/plugins\/seo\/ -->\n<title>Automatick\u00e1 raktivace monitoru - milchyn.cz<\/title>\n<meta name=\"robots\" content=\"index, follow, max-snippet:-1, max-image-preview:large, max-video-preview:-1\" \/>\n<link rel=\"canonical\" href=\"https:\/\/milchyn.cz\/monitor-reactivation\" \/>\n<meta property=\"og:locale\" content=\"cs_CZ\" \/>\n<meta property=\"og:type\" content=\"article\" \/>\n<meta property=\"og:title\" content=\"Automatick\u00e1 raktivace monitoru - milchyn.cz\" \/>\n<meta property=\"og:description\" content=\"Xubuntu 24.04 LTS P\u0159\u00edpad M\u016f\u017ee nastat situace, \u017ee po op\u011btovn\u00e9m p\u0159ipojen\u00ed nebo zapnut\u00ed monitoru se tento neaktivuje. Je bez sign\u00e1lu. \u0158e\u0161en\u00ed Op\u011btovn\u00e1 aktivace monitoru pomoc\u00ed udev pravidla, kter\u00e1 se vykon\u00e1 p\u0159i ud\u00e1losti na grafick\u00e9 kart\u011b. To zp\u016fsob\u00ed spu\u0161t\u011bn\u00ed skriptu pro op\u011btovnou aktivaci monitoru. \u261d\ufe0f U\u017eivatel mus\u00ed m\u00edt administr\u00e1torsk\u00e9 opr\u00e1vn\u011bn\u00ed (\u010dlen sudo). &nbsp;\" \/>\n<meta property=\"og:url\" content=\"https:\/\/milchyn.cz\/monitor-reactivation\" \/>\n<meta property=\"og:site_name\" content=\"milchyn.cz\" \/>\n<meta property=\"article:modified_time\" content=\"2025-12-14T09:22:38+00:00\" \/>\n<meta name=\"twitter:card\" content=\"summary_large_image\" \/>\n<meta name=\"twitter:label1\" content=\"Odhadovan\u00e1 doba \u010dten\u00ed\" \/>\n\t<meta name=\"twitter:data1\" content=\"1 minuta\" \/>\n<script type=\"application\/ld+json\" class=\"yoast-schema-graph\">{\"@context\":\"https:\/\/schema.org\",\"@graph\":[{\"@type\":\"WebPage\",\"@id\":\"https:\/\/milchyn.cz\/monitor-reactivation\",\"url\":\"https:\/\/milchyn.cz\/monitor-reactivation\",\"name\":\"Automatick\u00e1 raktivace monitoru - milchyn.cz\",\"isPartOf\":{\"@id\":\"https:\/\/milchyn.cz\/#website\"},\"datePublished\":\"2024-02-25T09:23:49+00:00\",\"dateModified\":\"2025-12-14T09:22:38+00:00\",\"breadcrumb\":{\"@id\":\"https:\/\/milchyn.cz\/monitor-reactivation#breadcrumb\"},\"inLanguage\":\"cs\",\"potentialAction\":[{\"@type\":\"ReadAction\",\"target\":[\"https:\/\/milchyn.cz\/monitor-reactivation\"]}]},{\"@type\":\"BreadcrumbList\",\"@id\":\"https:\/\/milchyn.cz\/monitor-reactivation#breadcrumb\",\"itemListElement\":[{\"@type\":\"ListItem\",\"position\":1,\"name\":\"Dom\u016f\",\"item\":\"https:\/\/milchyn.cz\/\"},{\"@type\":\"ListItem\",\"position\":2,\"name\":\"Linux\",\"item\":\"https:\/\/milchyn.cz\/pocitac-s-linuxem\"},{\"@type\":\"ListItem\",\"position\":3,\"name\":\"Po\u010d\u00edta\u010d s Xubuntu\",\"item\":\"https:\/\/milchyn.cz\/pocitac-s-linuxem\/pocitac-s-xubuntu\"},{\"@type\":\"ListItem\",\"position\":4,\"name\":\"Nastaven\u00ed Xubuntu \ud83d\udee0\ufe0f\",\"item\":\"https:\/\/milchyn.cz\/nastaveni-xubuntu\"},{\"@type\":\"ListItem\",\"position\":5,\"name\":\"Automatick\u00e1 raktivace monitoru\"}]},{\"@type\":\"WebSite\",\"@id\":\"https:\/\/milchyn.cz\/#website\",\"url\":\"https:\/\/milchyn.cz\/\",\"name\":\"milchyn.cz\",\"description\":\"\",\"potentialAction\":[{\"@type\":\"SearchAction\",\"target\":{\"@type\":\"EntryPoint\",\"urlTemplate\":\"https:\/\/milchyn.cz\/?s={search_term_string}\"},\"query-input\":{\"@type\":\"PropertyValueSpecification\",\"valueRequired\":true,\"valueName\":\"search_term_string\"}}],\"inLanguage\":\"cs\"}]}<\/script>\n<!-- \/ Yoast SEO plugin. -->","yoast_head_json":{"title":"Automatick\u00e1 raktivace monitoru - milchyn.cz","robots":{"index":"index","follow":"follow","max-snippet":"max-snippet:-1","max-image-preview":"max-image-preview:large","max-video-preview":"max-video-preview:-1"},"canonical":"https:\/\/milchyn.cz\/monitor-reactivation","og_locale":"cs_CZ","og_type":"article","og_title":"Automatick\u00e1 raktivace monitoru - milchyn.cz","og_description":"Xubuntu 24.04 LTS P\u0159\u00edpad M\u016f\u017ee nastat situace, \u017ee po op\u011btovn\u00e9m p\u0159ipojen\u00ed nebo zapnut\u00ed monitoru se tento neaktivuje. Je bez sign\u00e1lu. \u0158e\u0161en\u00ed Op\u011btovn\u00e1 aktivace monitoru pomoc\u00ed udev pravidla, kter\u00e1 se vykon\u00e1 p\u0159i ud\u00e1losti na grafick\u00e9 kart\u011b. To zp\u016fsob\u00ed spu\u0161t\u011bn\u00ed skriptu pro op\u011btovnou aktivaci monitoru. \u261d\ufe0f U\u017eivatel mus\u00ed m\u00edt administr\u00e1torsk\u00e9 opr\u00e1vn\u011bn\u00ed (\u010dlen sudo). &nbsp;","og_url":"https:\/\/milchyn.cz\/monitor-reactivation","og_site_name":"milchyn.cz","article_modified_time":"2025-12-14T09:22:38+00:00","twitter_card":"summary_large_image","twitter_misc":{"Odhadovan\u00e1 doba \u010dten\u00ed":"1 minuta"},"schema":{"@context":"https:\/\/schema.org","@graph":[{"@type":"WebPage","@id":"https:\/\/milchyn.cz\/monitor-reactivation","url":"https:\/\/milchyn.cz\/monitor-reactivation","name":"Automatick\u00e1 raktivace monitoru - milchyn.cz","isPartOf":{"@id":"https:\/\/milchyn.cz\/#website"},"datePublished":"2024-02-25T09:23:49+00:00","dateModified":"2025-12-14T09:22:38+00:00","breadcrumb":{"@id":"https:\/\/milchyn.cz\/monitor-reactivation#breadcrumb"},"inLanguage":"cs","potentialAction":[{"@type":"ReadAction","target":["https:\/\/milchyn.cz\/monitor-reactivation"]}]},{"@type":"BreadcrumbList","@id":"https:\/\/milchyn.cz\/monitor-reactivation#breadcrumb","itemListElement":[{"@type":"ListItem","position":1,"name":"Dom\u016f","item":"https:\/\/milchyn.cz\/"},{"@type":"ListItem","position":2,"name":"Linux","item":"https:\/\/milchyn.cz\/pocitac-s-linuxem"},{"@type":"ListItem","position":3,"name":"Po\u010d\u00edta\u010d s Xubuntu","item":"https:\/\/milchyn.cz\/pocitac-s-linuxem\/pocitac-s-xubuntu"},{"@type":"ListItem","position":4,"name":"Nastaven\u00ed Xubuntu \ud83d\udee0\ufe0f","item":"https:\/\/milchyn.cz\/nastaveni-xubuntu"},{"@type":"ListItem","position":5,"name":"Automatick\u00e1 raktivace monitoru"}]},{"@type":"WebSite","@id":"https:\/\/milchyn.cz\/#website","url":"https:\/\/milchyn.cz\/","name":"milchyn.cz","description":"","potentialAction":[{"@type":"SearchAction","target":{"@type":"EntryPoint","urlTemplate":"https:\/\/milchyn.cz\/?s={search_term_string}"},"query-input":{"@type":"PropertyValueSpecification","valueRequired":true,"valueName":"search_term_string"}}],"inLanguage":"cs"}]}},"_links":{"self":[{"href":"https:\/\/milchyn.cz\/index.php?rest_route=\/wp\/v2\/pages\/7685","targetHints":{"allow":["GET"]}}],"collection":[{"href":"https:\/\/milchyn.cz\/index.php?rest_route=\/wp\/v2\/pages"}],"about":[{"href":"https:\/\/milchyn.cz\/index.php?rest_route=\/wp\/v2\/types\/page"}],"author":[{"embeddable":true,"href":"https:\/\/milchyn.cz\/index.php?rest_route=\/wp\/v2\/users\/1"}],"replies":[{"embeddable":true,"href":"https:\/\/milchyn.cz\/index.php?rest_route=%2Fwp%2Fv2%2Fcomments&post=7685"}],"version-history":[{"count":0,"href":"https:\/\/milchyn.cz\/index.php?rest_route=\/wp\/v2\/pages\/7685\/revisions"}],"up":[{"embeddable":true,"href":"https:\/\/milchyn.cz\/index.php?rest_route=\/wp\/v2\/pages\/8713"}],"wp:attachment":[{"href":"https:\/\/milchyn.cz\/index.php?rest_route=%2Fwp%2Fv2%2Fmedia&parent=7685"}],"curies":[{"name":"wp","href":"https:\/\/api.w.org\/{rel}","templated":true}]}}