{"id":7529,"date":"2023-03-18T16:14:03","date_gmt":"2023-03-18T15:14:03","guid":{"rendered":"https:\/\/milchyn.cz\/?page_id=7529"},"modified":"2025-09-22T11:56:26","modified_gmt":"2025-09-22T11:56:26","slug":"rozprostreni-tepla-z-radiatoru","status":"publish","type":"page","link":"https:\/\/milchyn.cz\/rozprostreni-tepla-z-radiatoru","title":{"rendered":"Rozprost\u0159en\u00ed tepla z radi\u00e1toru"},"content":{"rendered":"<p>Pro pot\u0159ebu rychlej\u0161\u00edho rozprost\u0159en\u00ed tepla po cel\u00e9 m\u00edstnosti z jednoho radi\u00e1toru jsem na tento nainstaloval p\u0159es celou d\u00e9lku osm v\u011btr\u00e1\u010dk\u016f. Zvolil jsem v\u011bt\u0161\u00ed typ &#8222;ARCTIC P14&#8220; (140 \u00d7 27 mm, 1700 RPM, 12 V, maxim\u00e1ln\u00ed hlu\u010dnost a\u017e 22,5 dB) pro dostate\u010dn\u00fd pr\u016ftok vzduchu p\u0159i n\u00edzk\u00fdch ot\u00e1\u010dk\u00e1ch, aby se vzduch st\u00edhal oh\u0159\u00e1t a i pro tich\u00fd chod. V\u011btr\u00e1\u010dky jsou pro sn\u00ed\u017een\u00ed ot\u00e1\u010dek ve dvojici zapojen\u00e9 v s\u00e9rii. Aktivace je teplotn\u00edm \u010didlem na radi\u00e1toru v jednodu\u0161e navr\u017een\u00e9m zapojen\u00ed s nastavitelnou sp\u00ednac\u00ed teplotou, hysterez\u00ed sepnut\u00ed\/rozepnut\u00ed i ochranou proti p\u0159et\u00ed\u017een\u00ed v\u00fdstupu.<\/p>\n<p><img loading=\"lazy\" decoding=\"async\" class=\"alignnone wp-image-7542 \" src=\"https:\/\/milchyn.cz\/wp-content\/uploads\/2023\/03\/MOSFET_SPINAC_NEW-300x169.png\" alt=\"\" width=\"1756\" height=\"989\" srcset=\"https:\/\/milchyn.cz\/wp-content\/uploads\/2023\/03\/MOSFET_SPINAC_NEW-300x169.png 300w, https:\/\/milchyn.cz\/wp-content\/uploads\/2023\/03\/MOSFET_SPINAC_NEW-1024x576.png 1024w, https:\/\/milchyn.cz\/wp-content\/uploads\/2023\/03\/MOSFET_SPINAC_NEW-768x432.png 768w, https:\/\/milchyn.cz\/wp-content\/uploads\/2023\/03\/MOSFET_SPINAC_NEW-1536x864.png 1536w, https:\/\/milchyn.cz\/wp-content\/uploads\/2023\/03\/MOSFET_SPINAC_NEW-2048x1152.png 2048w\" sizes=\"auto, (max-width: 1756px) 100vw, 1756px\" \/><br \/>\nNa obr\u00e1zku je vid\u011bt je\u0161t\u011b i digit\u00e1ln\u00ed teplom\u011br k odlad\u011bn\u00ed sp\u00ednac\u00ed teploty.<\/p>\n<p><img loading=\"lazy\" decoding=\"async\" class=\"wp-image-7532 aligncenter\" src=\"https:\/\/milchyn.cz\/wp-content\/uploads\/2023\/03\/MOSFET_SPINAC_3-595x184.jpg\" alt=\"\" width=\"1287\" height=\"398\" \/><br \/>\n<img loading=\"lazy\" decoding=\"async\" class=\"wp-image-7556 size-medium aligncenter\" src=\"https:\/\/milchyn.cz\/wp-content\/uploads\/2023\/03\/MOSFET_SPINAC_4-1-595x196.jpg\" alt=\"\" width=\"595\" height=\"196\" \/><\/p>\n","protected":false},"excerpt":{"rendered":"<p>Pro pot\u0159ebu rychlej\u0161\u00edho rozprost\u0159en\u00ed tepla po cel\u00e9 m\u00edstnosti z jednoho radi\u00e1toru jsem na tento nainstaloval p\u0159es celou d\u00e9lku osm v\u011btr\u00e1\u010dk\u016f. Zvolil jsem v\u011bt\u0161\u00ed typ &#8222;ARCTIC P14&#8220; (140 \u00d7 27 mm, 1700 RPM, 12 V, maxim\u00e1ln\u00ed hlu\u010dnost a\u017e 22,5 dB) pro dostate\u010dn\u00fd pr\u016ftok vzduchu p\u0159i n\u00edzk\u00fdch ot\u00e1\u010dk\u00e1ch, aby se vzduch st\u00edhal oh\u0159\u00e1t a i pro tich\u00fd [&hellip;]<\/p>\n","protected":false},"author":1,"featured_media":0,"parent":5930,"menu_order":0,"comment_status":"closed","ping_status":"closed","template":"","meta":{"footnotes":""},"class_list":["post-7529","page","type-page","status-publish","hentry"],"yoast_head":"<!-- This site is optimized with the Yoast SEO plugin v26.1.1 - https:\/\/yoast.com\/wordpress\/plugins\/seo\/ -->\n<title>Rozprost\u0159en\u00ed tepla z radi\u00e1toru - milchyn.cz<\/title>\n<meta name=\"robots\" content=\"index, follow, max-snippet:-1, max-image-preview:large, max-video-preview:-1\" \/>\n<link rel=\"canonical\" href=\"https:\/\/milchyn.cz\/rozprostreni-tepla-z-radiatoru\" \/>\n<meta property=\"og:locale\" content=\"cs_CZ\" \/>\n<meta property=\"og:type\" content=\"article\" \/>\n<meta property=\"og:title\" content=\"Rozprost\u0159en\u00ed tepla z radi\u00e1toru - milchyn.cz\" \/>\n<meta property=\"og:description\" content=\"Pro pot\u0159ebu rychlej\u0161\u00edho rozprost\u0159en\u00ed tepla po cel\u00e9 m\u00edstnosti z jednoho radi\u00e1toru jsem na tento nainstaloval p\u0159es celou d\u00e9lku osm v\u011btr\u00e1\u010dk\u016f. Zvolil jsem v\u011bt\u0161\u00ed typ &#8222;ARCTIC P14&#8220; (140 \u00d7 27 mm, 1700 RPM, 12 V, maxim\u00e1ln\u00ed hlu\u010dnost a\u017e 22,5 dB) pro dostate\u010dn\u00fd pr\u016ftok vzduchu p\u0159i n\u00edzk\u00fdch ot\u00e1\u010dk\u00e1ch, aby se vzduch st\u00edhal oh\u0159\u00e1t a i pro tich\u00fd [&hellip;]\" \/>\n<meta property=\"og:url\" content=\"https:\/\/milchyn.cz\/rozprostreni-tepla-z-radiatoru\" \/>\n<meta property=\"og:site_name\" content=\"milchyn.cz\" \/>\n<meta property=\"article:modified_time\" content=\"2025-09-22T11:56:26+00:00\" \/>\n<meta property=\"og:image\" content=\"https:\/\/milchyn.cz\/wp-content\/uploads\/2023\/03\/MOSFET_SPINAC_NEW.png\" \/>\n\t<meta property=\"og:image:width\" content=\"2102\" \/>\n\t<meta property=\"og:image:height\" content=\"1182\" \/>\n\t<meta property=\"og:image:type\" content=\"image\/png\" \/>\n<meta name=\"twitter:card\" content=\"summary_large_image\" \/>\n<meta name=\"twitter:label1\" content=\"Odhadovan\u00e1 doba \u010dten\u00ed\" \/>\n\t<meta name=\"twitter:data1\" content=\"2 minuty\" \/>\n<script type=\"application\/ld+json\" class=\"yoast-schema-graph\">{\"@context\":\"https:\/\/schema.org\",\"@graph\":[{\"@type\":\"WebPage\",\"@id\":\"https:\/\/milchyn.cz\/rozprostreni-tepla-z-radiatoru\",\"url\":\"https:\/\/milchyn.cz\/rozprostreni-tepla-z-radiatoru\",\"name\":\"Rozprost\u0159en\u00ed tepla z radi\u00e1toru - milchyn.cz\",\"isPartOf\":{\"@id\":\"https:\/\/milchyn.cz\/#website\"},\"primaryImageOfPage\":{\"@id\":\"https:\/\/milchyn.cz\/rozprostreni-tepla-z-radiatoru#primaryimage\"},\"image\":{\"@id\":\"https:\/\/milchyn.cz\/rozprostreni-tepla-z-radiatoru#primaryimage\"},\"thumbnailUrl\":\"https:\/\/milchyn.cz\/wp-content\/uploads\/2023\/03\/MOSFET_SPINAC_NEW-300x169.png\",\"datePublished\":\"2023-03-18T15:14:03+00:00\",\"dateModified\":\"2025-09-22T11:56:26+00:00\",\"breadcrumb\":{\"@id\":\"https:\/\/milchyn.cz\/rozprostreni-tepla-z-radiatoru#breadcrumb\"},\"inLanguage\":\"cs\",\"potentialAction\":[{\"@type\":\"ReadAction\",\"target\":[\"https:\/\/milchyn.cz\/rozprostreni-tepla-z-radiatoru\"]}]},{\"@type\":\"ImageObject\",\"inLanguage\":\"cs\",\"@id\":\"https:\/\/milchyn.cz\/rozprostreni-tepla-z-radiatoru#primaryimage\",\"url\":\"https:\/\/milchyn.cz\/wp-content\/uploads\/2023\/03\/MOSFET_SPINAC_NEW.png\",\"contentUrl\":\"https:\/\/milchyn.cz\/wp-content\/uploads\/2023\/03\/MOSFET_SPINAC_NEW.png\",\"width\":2102,\"height\":1182},{\"@type\":\"BreadcrumbList\",\"@id\":\"https:\/\/milchyn.cz\/rozprostreni-tepla-z-radiatoru#breadcrumb\",\"itemListElement\":[{\"@type\":\"ListItem\",\"position\":1,\"name\":\"Dom\u016f\",\"item\":\"https:\/\/milchyn.cz\/\"},{\"@type\":\"ListItem\",\"position\":2,\"name\":\"Elektronika\",\"item\":\"https:\/\/milchyn.cz\/elektronika\"},{\"@type\":\"ListItem\",\"position\":3,\"name\":\"El. sch\u00e9mata\",\"item\":\"https:\/\/milchyn.cz\/el-schemata\"},{\"@type\":\"ListItem\",\"position\":4,\"name\":\"Rozprost\u0159en\u00ed tepla z radi\u00e1toru\"}]},{\"@type\":\"WebSite\",\"@id\":\"https:\/\/milchyn.cz\/#website\",\"url\":\"https:\/\/milchyn.cz\/\",\"name\":\"milchyn.cz\",\"description\":\"\",\"potentialAction\":[{\"@type\":\"SearchAction\",\"target\":{\"@type\":\"EntryPoint\",\"urlTemplate\":\"https:\/\/milchyn.cz\/?s={search_term_string}\"},\"query-input\":{\"@type\":\"PropertyValueSpecification\",\"valueRequired\":true,\"valueName\":\"search_term_string\"}}],\"inLanguage\":\"cs\"}]}<\/script>\n<!-- \/ Yoast SEO plugin. -->","yoast_head_json":{"title":"Rozprost\u0159en\u00ed tepla z radi\u00e1toru - milchyn.cz","robots":{"index":"index","follow":"follow","max-snippet":"max-snippet:-1","max-image-preview":"max-image-preview:large","max-video-preview":"max-video-preview:-1"},"canonical":"https:\/\/milchyn.cz\/rozprostreni-tepla-z-radiatoru","og_locale":"cs_CZ","og_type":"article","og_title":"Rozprost\u0159en\u00ed tepla z radi\u00e1toru - milchyn.cz","og_description":"Pro pot\u0159ebu rychlej\u0161\u00edho rozprost\u0159en\u00ed tepla po cel\u00e9 m\u00edstnosti z jednoho radi\u00e1toru jsem na tento nainstaloval p\u0159es celou d\u00e9lku osm v\u011btr\u00e1\u010dk\u016f. Zvolil jsem v\u011bt\u0161\u00ed typ &#8222;ARCTIC P14&#8220; (140 \u00d7 27 mm, 1700 RPM, 12 V, maxim\u00e1ln\u00ed hlu\u010dnost a\u017e 22,5 dB) pro dostate\u010dn\u00fd pr\u016ftok vzduchu p\u0159i n\u00edzk\u00fdch ot\u00e1\u010dk\u00e1ch, aby se vzduch st\u00edhal oh\u0159\u00e1t a i pro tich\u00fd [&hellip;]","og_url":"https:\/\/milchyn.cz\/rozprostreni-tepla-z-radiatoru","og_site_name":"milchyn.cz","article_modified_time":"2025-09-22T11:56:26+00:00","og_image":[{"width":2102,"height":1182,"url":"https:\/\/milchyn.cz\/wp-content\/uploads\/2023\/03\/MOSFET_SPINAC_NEW.png","type":"image\/png"}],"twitter_card":"summary_large_image","twitter_misc":{"Odhadovan\u00e1 doba \u010dten\u00ed":"2 minuty"},"schema":{"@context":"https:\/\/schema.org","@graph":[{"@type":"WebPage","@id":"https:\/\/milchyn.cz\/rozprostreni-tepla-z-radiatoru","url":"https:\/\/milchyn.cz\/rozprostreni-tepla-z-radiatoru","name":"Rozprost\u0159en\u00ed tepla z radi\u00e1toru - milchyn.cz","isPartOf":{"@id":"https:\/\/milchyn.cz\/#website"},"primaryImageOfPage":{"@id":"https:\/\/milchyn.cz\/rozprostreni-tepla-z-radiatoru#primaryimage"},"image":{"@id":"https:\/\/milchyn.cz\/rozprostreni-tepla-z-radiatoru#primaryimage"},"thumbnailUrl":"https:\/\/milchyn.cz\/wp-content\/uploads\/2023\/03\/MOSFET_SPINAC_NEW-300x169.png","datePublished":"2023-03-18T15:14:03+00:00","dateModified":"2025-09-22T11:56:26+00:00","breadcrumb":{"@id":"https:\/\/milchyn.cz\/rozprostreni-tepla-z-radiatoru#breadcrumb"},"inLanguage":"cs","potentialAction":[{"@type":"ReadAction","target":["https:\/\/milchyn.cz\/rozprostreni-tepla-z-radiatoru"]}]},{"@type":"ImageObject","inLanguage":"cs","@id":"https:\/\/milchyn.cz\/rozprostreni-tepla-z-radiatoru#primaryimage","url":"https:\/\/milchyn.cz\/wp-content\/uploads\/2023\/03\/MOSFET_SPINAC_NEW.png","contentUrl":"https:\/\/milchyn.cz\/wp-content\/uploads\/2023\/03\/MOSFET_SPINAC_NEW.png","width":2102,"height":1182},{"@type":"BreadcrumbList","@id":"https:\/\/milchyn.cz\/rozprostreni-tepla-z-radiatoru#breadcrumb","itemListElement":[{"@type":"ListItem","position":1,"name":"Dom\u016f","item":"https:\/\/milchyn.cz\/"},{"@type":"ListItem","position":2,"name":"Elektronika","item":"https:\/\/milchyn.cz\/elektronika"},{"@type":"ListItem","position":3,"name":"El. sch\u00e9mata","item":"https:\/\/milchyn.cz\/el-schemata"},{"@type":"ListItem","position":4,"name":"Rozprost\u0159en\u00ed tepla z radi\u00e1toru"}]},{"@type":"WebSite","@id":"https:\/\/milchyn.cz\/#website","url":"https:\/\/milchyn.cz\/","name":"milchyn.cz","description":"","potentialAction":[{"@type":"SearchAction","target":{"@type":"EntryPoint","urlTemplate":"https:\/\/milchyn.cz\/?s={search_term_string}"},"query-input":{"@type":"PropertyValueSpecification","valueRequired":true,"valueName":"search_term_string"}}],"inLanguage":"cs"}]}},"_links":{"self":[{"href":"https:\/\/milchyn.cz\/index.php?rest_route=\/wp\/v2\/pages\/7529","targetHints":{"allow":["GET"]}}],"collection":[{"href":"https:\/\/milchyn.cz\/index.php?rest_route=\/wp\/v2\/pages"}],"about":[{"href":"https:\/\/milchyn.cz\/index.php?rest_route=\/wp\/v2\/types\/page"}],"author":[{"embeddable":true,"href":"https:\/\/milchyn.cz\/index.php?rest_route=\/wp\/v2\/users\/1"}],"replies":[{"embeddable":true,"href":"https:\/\/milchyn.cz\/index.php?rest_route=%2Fwp%2Fv2%2Fcomments&post=7529"}],"version-history":[{"count":0,"href":"https:\/\/milchyn.cz\/index.php?rest_route=\/wp\/v2\/pages\/7529\/revisions"}],"up":[{"embeddable":true,"href":"https:\/\/milchyn.cz\/index.php?rest_route=\/wp\/v2\/pages\/5930"}],"wp:attachment":[{"href":"https:\/\/milchyn.cz\/index.php?rest_route=%2Fwp%2Fv2%2Fmedia&parent=7529"}],"curies":[{"name":"wp","href":"https:\/\/api.w.org\/{rel}","templated":true}]}}