{"id":6871,"date":"2021-12-25T16:23:50","date_gmt":"2021-12-25T15:23:50","guid":{"rendered":"https:\/\/milchyn.cz\/?page_id=6871"},"modified":"2025-09-22T11:51:36","modified_gmt":"2025-09-22T11:51:36","slug":"regulace-svitu-led-zarovky-230v","status":"publish","type":"page","link":"https:\/\/milchyn.cz\/regulace-svitu-led-zarovky-230v","title":{"rendered":"Regulace svitu lampi\u010dky s LED \u017e\u00e1rovkou 230V"},"content":{"rendered":"<p style=\"float: left; width: 50%; padding: 2vw;\">Pot\u0159eboval jsem jednoduch\u00fdm zp\u016fsobem po\u0159e\u0161it regulaci jasu lampi\u010dky s LED \u017e\u00e1rovkou na 230V. Jas svitu vol\u00edm 3 polohov\u00fdm p\u0159ep\u00edna\u010dem s rozepnut\u00fdm kontaktem ve st\u0159edn\u00ed poloze. Jedna krajn\u00ed poloha m\u00e1 pln\u00fd svit a druh\u00e1 krajn\u00ed svit tlumen\u00fd. M\u00edra \u00fatlumu je dle kapacity kondenz\u00e1toru zapojen\u00e9ho v s\u00e9rii s LED \u017e\u00e1rovkou v z\u00e1vislosti na jej\u00edm p\u0159\u00edkonu a &#8222;aktiva\u010dn\u00edm&#8220; nap\u011bt\u00ed. V m\u00e9m p\u0159\u00edpad\u011b p\u0159i LED \u017e\u00e1rovce 230V\/12W jsem pou\u017eil kapacitu kondenz\u00e1toru 330nF\/400V (orienta\u010dn\u011b nam\u011b\u0159eno 0,02A p\u0159i utlumen\u00ed). Pro parametricky jinou LED \u017e\u00e1rovku p\u0159izb\u016fsobit jak hodnotu kondenz\u00e1toru [C1], tak i hodnotu pojistky [F1]. Jeliko\u017e jde o nap\u011bt\u00ed ze z\u00e1suvky 230V, je pot\u0159eba nap\u011b\u0165ov\u011b zohlednit zejm\u00e9na kondenz\u00e1tor a nejl\u00e9pe t\u0159\u00eddy X2.<\/p>\n<p><img decoding=\"async\" class=\"alignleft\" style=\"width: 12vw;\" src=\"https:\/\/milchyn.cz\/wp-content\/uploads\/2021\/12\/UTLUMENI_LED_ZAROVKY_04.jpg\" \/><br \/>\n<img decoding=\"async\" class=\"alignnone\" style=\"width: 17vw;\" src=\"https:\/\/milchyn.cz\/wp-content\/uploads\/2021\/12\/UTLUMENI_LED_ZAROVKY_03-1.jpg\" \/><\/p>\n<h5 style=\"text-align: center;\"><strong>El. sch\u00e9ma:<\/strong><\/h5>\n<p><a href=\"http:\/\/milchyn.cz\/ZDROJE\/EL\/RGB-LED-EFEKT-16F73\/RGB-LED-EFEKT-16F73-SCHEMA.png\"><img decoding=\"async\" class=\"aligncenter\" style=\"width: 50vw;\" src=\"https:\/\/milchyn.cz\/wp-content\/uploads\/2022\/02\/UTLUMENI_LED_ZAROVKY-shcema.png\" alt=\"\" \/><\/a><\/p>\n","protected":false},"excerpt":{"rendered":"<p>Pot\u0159eboval jsem jednoduch\u00fdm zp\u016fsobem po\u0159e\u0161it regulaci jasu lampi\u010dky s LED \u017e\u00e1rovkou na 230V. Jas svitu vol\u00edm 3 polohov\u00fdm p\u0159ep\u00edna\u010dem s rozepnut\u00fdm kontaktem ve st\u0159edn\u00ed poloze. Jedna krajn\u00ed poloha m\u00e1 pln\u00fd svit a druh\u00e1 krajn\u00ed svit tlumen\u00fd. M\u00edra \u00fatlumu je dle kapacity kondenz\u00e1toru zapojen\u00e9ho v s\u00e9rii s LED \u017e\u00e1rovkou v z\u00e1vislosti na jej\u00edm p\u0159\u00edkonu a &#8222;aktiva\u010dn\u00edm&#8220; [&hellip;]<\/p>\n","protected":false},"author":1,"featured_media":0,"parent":5930,"menu_order":0,"comment_status":"closed","ping_status":"closed","template":"","meta":{"footnotes":""},"class_list":["post-6871","page","type-page","status-publish","hentry"],"yoast_head":"<!-- This site is optimized with the Yoast SEO plugin v26.1.1 - https:\/\/yoast.com\/wordpress\/plugins\/seo\/ -->\n<title>Regulace svitu lampi\u010dky s LED \u017e\u00e1rovkou 230V - milchyn.cz<\/title>\n<meta name=\"robots\" content=\"index, follow, max-snippet:-1, max-image-preview:large, max-video-preview:-1\" \/>\n<link rel=\"canonical\" href=\"https:\/\/milchyn.cz\/regulace-svitu-led-zarovky-230v\" \/>\n<meta property=\"og:locale\" content=\"cs_CZ\" \/>\n<meta property=\"og:type\" content=\"article\" \/>\n<meta property=\"og:title\" content=\"Regulace svitu lampi\u010dky s LED \u017e\u00e1rovkou 230V - milchyn.cz\" \/>\n<meta property=\"og:description\" content=\"Pot\u0159eboval jsem jednoduch\u00fdm zp\u016fsobem po\u0159e\u0161it regulaci jasu lampi\u010dky s LED \u017e\u00e1rovkou na 230V. Jas svitu vol\u00edm 3 polohov\u00fdm p\u0159ep\u00edna\u010dem s rozepnut\u00fdm kontaktem ve st\u0159edn\u00ed poloze. Jedna krajn\u00ed poloha m\u00e1 pln\u00fd svit a druh\u00e1 krajn\u00ed svit tlumen\u00fd. M\u00edra \u00fatlumu je dle kapacity kondenz\u00e1toru zapojen\u00e9ho v s\u00e9rii s LED \u017e\u00e1rovkou v z\u00e1vislosti na jej\u00edm p\u0159\u00edkonu a &#8222;aktiva\u010dn\u00edm&#8220; [&hellip;]\" \/>\n<meta property=\"og:url\" content=\"https:\/\/milchyn.cz\/regulace-svitu-led-zarovky-230v\" \/>\n<meta property=\"og:site_name\" content=\"milchyn.cz\" \/>\n<meta property=\"article:modified_time\" content=\"2025-09-22T11:51:36+00:00\" \/>\n<meta property=\"og:image\" content=\"https:\/\/milchyn.cz\/wp-content\/uploads\/2021\/12\/UTLUMENI_LED_ZAROVKY_04.jpg\" \/>\n<meta name=\"twitter:card\" content=\"summary_large_image\" \/>\n<meta name=\"twitter:label1\" content=\"Odhadovan\u00e1 doba \u010dten\u00ed\" \/>\n\t<meta name=\"twitter:data1\" content=\"2 minuty\" \/>\n<script type=\"application\/ld+json\" class=\"yoast-schema-graph\">{\"@context\":\"https:\/\/schema.org\",\"@graph\":[{\"@type\":\"WebPage\",\"@id\":\"https:\/\/milchyn.cz\/regulace-svitu-led-zarovky-230v\",\"url\":\"https:\/\/milchyn.cz\/regulace-svitu-led-zarovky-230v\",\"name\":\"Regulace svitu lampi\u010dky s LED \u017e\u00e1rovkou 230V - milchyn.cz\",\"isPartOf\":{\"@id\":\"https:\/\/milchyn.cz\/#website\"},\"primaryImageOfPage\":{\"@id\":\"https:\/\/milchyn.cz\/regulace-svitu-led-zarovky-230v#primaryimage\"},\"image\":{\"@id\":\"https:\/\/milchyn.cz\/regulace-svitu-led-zarovky-230v#primaryimage\"},\"thumbnailUrl\":\"https:\/\/milchyn.cz\/wp-content\/uploads\/2021\/12\/UTLUMENI_LED_ZAROVKY_04.jpg\",\"datePublished\":\"2021-12-25T15:23:50+00:00\",\"dateModified\":\"2025-09-22T11:51:36+00:00\",\"breadcrumb\":{\"@id\":\"https:\/\/milchyn.cz\/regulace-svitu-led-zarovky-230v#breadcrumb\"},\"inLanguage\":\"cs\",\"potentialAction\":[{\"@type\":\"ReadAction\",\"target\":[\"https:\/\/milchyn.cz\/regulace-svitu-led-zarovky-230v\"]}]},{\"@type\":\"ImageObject\",\"inLanguage\":\"cs\",\"@id\":\"https:\/\/milchyn.cz\/regulace-svitu-led-zarovky-230v#primaryimage\",\"url\":\"https:\/\/milchyn.cz\/wp-content\/uploads\/2021\/12\/UTLUMENI_LED_ZAROVKY_04.jpg\",\"contentUrl\":\"https:\/\/milchyn.cz\/wp-content\/uploads\/2021\/12\/UTLUMENI_LED_ZAROVKY_04.jpg\",\"width\":480,\"height\":640},{\"@type\":\"BreadcrumbList\",\"@id\":\"https:\/\/milchyn.cz\/regulace-svitu-led-zarovky-230v#breadcrumb\",\"itemListElement\":[{\"@type\":\"ListItem\",\"position\":1,\"name\":\"Dom\u016f\",\"item\":\"https:\/\/milchyn.cz\/\"},{\"@type\":\"ListItem\",\"position\":2,\"name\":\"Elektronika\",\"item\":\"https:\/\/milchyn.cz\/elektronika\"},{\"@type\":\"ListItem\",\"position\":3,\"name\":\"El. sch\u00e9mata\",\"item\":\"https:\/\/milchyn.cz\/el-schemata\"},{\"@type\":\"ListItem\",\"position\":4,\"name\":\"Regulace svitu lampi\u010dky s LED \u017e\u00e1rovkou 230V\"}]},{\"@type\":\"WebSite\",\"@id\":\"https:\/\/milchyn.cz\/#website\",\"url\":\"https:\/\/milchyn.cz\/\",\"name\":\"milchyn.cz\",\"description\":\"\",\"potentialAction\":[{\"@type\":\"SearchAction\",\"target\":{\"@type\":\"EntryPoint\",\"urlTemplate\":\"https:\/\/milchyn.cz\/?s={search_term_string}\"},\"query-input\":{\"@type\":\"PropertyValueSpecification\",\"valueRequired\":true,\"valueName\":\"search_term_string\"}}],\"inLanguage\":\"cs\"}]}<\/script>\n<!-- \/ Yoast SEO plugin. -->","yoast_head_json":{"title":"Regulace svitu lampi\u010dky s LED \u017e\u00e1rovkou 230V - milchyn.cz","robots":{"index":"index","follow":"follow","max-snippet":"max-snippet:-1","max-image-preview":"max-image-preview:large","max-video-preview":"max-video-preview:-1"},"canonical":"https:\/\/milchyn.cz\/regulace-svitu-led-zarovky-230v","og_locale":"cs_CZ","og_type":"article","og_title":"Regulace svitu lampi\u010dky s LED \u017e\u00e1rovkou 230V - milchyn.cz","og_description":"Pot\u0159eboval jsem jednoduch\u00fdm zp\u016fsobem po\u0159e\u0161it regulaci jasu lampi\u010dky s LED \u017e\u00e1rovkou na 230V. Jas svitu vol\u00edm 3 polohov\u00fdm p\u0159ep\u00edna\u010dem s rozepnut\u00fdm kontaktem ve st\u0159edn\u00ed poloze. Jedna krajn\u00ed poloha m\u00e1 pln\u00fd svit a druh\u00e1 krajn\u00ed svit tlumen\u00fd. M\u00edra \u00fatlumu je dle kapacity kondenz\u00e1toru zapojen\u00e9ho v s\u00e9rii s LED \u017e\u00e1rovkou v z\u00e1vislosti na jej\u00edm p\u0159\u00edkonu a &#8222;aktiva\u010dn\u00edm&#8220; [&hellip;]","og_url":"https:\/\/milchyn.cz\/regulace-svitu-led-zarovky-230v","og_site_name":"milchyn.cz","article_modified_time":"2025-09-22T11:51:36+00:00","og_image":[{"url":"https:\/\/milchyn.cz\/wp-content\/uploads\/2021\/12\/UTLUMENI_LED_ZAROVKY_04.jpg","type":"","width":"","height":""}],"twitter_card":"summary_large_image","twitter_misc":{"Odhadovan\u00e1 doba \u010dten\u00ed":"2 minuty"},"schema":{"@context":"https:\/\/schema.org","@graph":[{"@type":"WebPage","@id":"https:\/\/milchyn.cz\/regulace-svitu-led-zarovky-230v","url":"https:\/\/milchyn.cz\/regulace-svitu-led-zarovky-230v","name":"Regulace svitu lampi\u010dky s LED \u017e\u00e1rovkou 230V - milchyn.cz","isPartOf":{"@id":"https:\/\/milchyn.cz\/#website"},"primaryImageOfPage":{"@id":"https:\/\/milchyn.cz\/regulace-svitu-led-zarovky-230v#primaryimage"},"image":{"@id":"https:\/\/milchyn.cz\/regulace-svitu-led-zarovky-230v#primaryimage"},"thumbnailUrl":"https:\/\/milchyn.cz\/wp-content\/uploads\/2021\/12\/UTLUMENI_LED_ZAROVKY_04.jpg","datePublished":"2021-12-25T15:23:50+00:00","dateModified":"2025-09-22T11:51:36+00:00","breadcrumb":{"@id":"https:\/\/milchyn.cz\/regulace-svitu-led-zarovky-230v#breadcrumb"},"inLanguage":"cs","potentialAction":[{"@type":"ReadAction","target":["https:\/\/milchyn.cz\/regulace-svitu-led-zarovky-230v"]}]},{"@type":"ImageObject","inLanguage":"cs","@id":"https:\/\/milchyn.cz\/regulace-svitu-led-zarovky-230v#primaryimage","url":"https:\/\/milchyn.cz\/wp-content\/uploads\/2021\/12\/UTLUMENI_LED_ZAROVKY_04.jpg","contentUrl":"https:\/\/milchyn.cz\/wp-content\/uploads\/2021\/12\/UTLUMENI_LED_ZAROVKY_04.jpg","width":480,"height":640},{"@type":"BreadcrumbList","@id":"https:\/\/milchyn.cz\/regulace-svitu-led-zarovky-230v#breadcrumb","itemListElement":[{"@type":"ListItem","position":1,"name":"Dom\u016f","item":"https:\/\/milchyn.cz\/"},{"@type":"ListItem","position":2,"name":"Elektronika","item":"https:\/\/milchyn.cz\/elektronika"},{"@type":"ListItem","position":3,"name":"El. sch\u00e9mata","item":"https:\/\/milchyn.cz\/el-schemata"},{"@type":"ListItem","position":4,"name":"Regulace svitu lampi\u010dky s LED \u017e\u00e1rovkou 230V"}]},{"@type":"WebSite","@id":"https:\/\/milchyn.cz\/#website","url":"https:\/\/milchyn.cz\/","name":"milchyn.cz","description":"","potentialAction":[{"@type":"SearchAction","target":{"@type":"EntryPoint","urlTemplate":"https:\/\/milchyn.cz\/?s={search_term_string}"},"query-input":{"@type":"PropertyValueSpecification","valueRequired":true,"valueName":"search_term_string"}}],"inLanguage":"cs"}]}},"_links":{"self":[{"href":"https:\/\/milchyn.cz\/index.php?rest_route=\/wp\/v2\/pages\/6871","targetHints":{"allow":["GET"]}}],"collection":[{"href":"https:\/\/milchyn.cz\/index.php?rest_route=\/wp\/v2\/pages"}],"about":[{"href":"https:\/\/milchyn.cz\/index.php?rest_route=\/wp\/v2\/types\/page"}],"author":[{"embeddable":true,"href":"https:\/\/milchyn.cz\/index.php?rest_route=\/wp\/v2\/users\/1"}],"replies":[{"embeddable":true,"href":"https:\/\/milchyn.cz\/index.php?rest_route=%2Fwp%2Fv2%2Fcomments&post=6871"}],"version-history":[{"count":0,"href":"https:\/\/milchyn.cz\/index.php?rest_route=\/wp\/v2\/pages\/6871\/revisions"}],"up":[{"embeddable":true,"href":"https:\/\/milchyn.cz\/index.php?rest_route=\/wp\/v2\/pages\/5930"}],"wp:attachment":[{"href":"https:\/\/milchyn.cz\/index.php?rest_route=%2Fwp%2Fv2%2Fmedia&parent=6871"}],"curies":[{"name":"wp","href":"https:\/\/api.w.org\/{rel}","templated":true}]}}