{"id":5913,"date":"2021-10-09T09:35:02","date_gmt":"2021-10-09T07:35:02","guid":{"rendered":"https:\/\/milchyn.cz\/?page_id=5913"},"modified":"2021-10-09T09:35:02","modified_gmt":"2021-10-09T07:35:02","slug":"esp8266-dokumentace","status":"publish","type":"page","link":"https:\/\/milchyn.cz\/esp8266-dokumentace","title":{"rendered":"ESP8266 &#8211; Dokumentace"},"content":{"rendered":"<h4>V\u0161echny knihovny<\/h4>\n<p><a href=\"https:\/\/www.arduinolibraries.info\/libraries\">https:\/\/www.arduinolibraries.info\/libraries<\/a><\/p>\n<h4>ESP8266 &#8211; NodeMCU Dokumentace<\/h4>\n<ul>\n<li><a href=\"https:\/\/nodemcu.readthedocs.io\/en\/master\/\">NodeMCU Documentation<\/a>\n<ul>\n<li><a href=\"http:\/\/milchyn.cz\/ZDROJE\/EL\/KATALOG\/esp-12f-esp8266-wifi-modul-tcpip.jpg\">Schema ESP-12F<\/a><\/li>\n<li><a href=\"http:\/\/milchyn.cz\/ZDROJE\/EL\/KATALOG\/RobotDyn-ESP8266%2BCH340G.png\">Schema RobotDyn-ESP8266+CH340G<\/a><\/li>\n<li><a href=\"http:\/\/milchyn.cz\/ZDROJE\/EL\/KATALOG\/ESP8266-32M-pins.png\">Piny ESP8266-32M<\/a><\/li>\n<\/ul>\n<\/li>\n<li><a href=\"https:\/\/arduino-esp8266.readthedocs.io\/en\/latest\/index.html\">Welcome to ESP8266 Arduino Core\u2019s documentation<\/a>\n<ul>\n<li><a href=\"https:\/\/arduino-esp8266.readthedocs.io\/en\/latest\/libraries.html\">Libraries<\/a><\/li>\n<\/ul>\n<\/li>\n<li><a href=\"http:\/\/adafruit.github.io\/Adafruit-GFX-Library\/html\/class_adafruit___g_f_x.html\">Adafruit GFX Library<\/a><\/li>\n<li><a href=\"https:\/\/nodemcu.readthedocs.io\/en\/master\/modules\/u8g2\/\">u8g2<\/a>\n<ul>\n<li><a href=\"https:\/\/github.com\/olikraus\/u8g2\/wiki\/u8g2reference\">reference<\/a>\n<ul>\n<li><a href=\"https:\/\/github.com\/olikraus\/u8g2\/wiki\/fntlistall\">fonty<\/a>\n<ul>\n<li><a href=\"https:\/\/www.fileformat.info\/info\/charset\/UTF-8\/list.htm\">kompletn\u00ed list UTF8<\/a><\/li>\n<\/ul>\n<\/li>\n<\/ul>\n<\/li>\n<\/ul>\n<\/li>\n<\/ul>\n<h4>Arduino editor<\/h4>\n<p><a href=\"https:\/\/www.arduino.cc\/en\/Main\/Software\">https:\/\/www.arduino.cc\/en\/Main\/Software<\/a><\/p>\n<h4>Nahr\u00e1v\u00e1n\u00ed kompilovan\u00e9ho programu v bin souboru do modulu z p\u0159\u00edkazov\u00e9ho \u0159\u00e1dku<\/h4>\n<h5>Instalace aplikace<\/h5>\n<p><code class=&#8220;&#8220;>sudo apt install esptool<\/code><\/p>\n<h5>Nahr\u00e1n\u00ed aplikace do modulu s vymaz\u00e1n\u00edm EEPROM<\/h5>\n<p><code class=&#8220;&#8220;>esptool -p \/dev\/ttyUSB0 -c esp8266 write_flash -fm dio -fs detect 0x0 .\/program.bin<\/code><\/p>\n<h5>Nahr\u00e1n\u00ed aplikace do modulu bez vymaz\u00e1n\u00ed EEPROM<\/h5>\n<p><code class=&#8220;&#8220;>esptool -p \/dev\/ttyUSB0 -c esp8266 write_flash --no-compress -fm dio -fs detect 0x0&nbsp;&nbsp;.\/program.bin<\/code><\/p>\n<h4>Intergace modul\u016f s mikrokontrol\u00e9rem ESP8266 do Arduino IDE editoru<\/h4>\n<p><a href=\"https:\/\/randomnerdtutorials.com\/how-to-install-esp8266-board-arduino-ide\/\">https:\/\/randomnerdtutorials.com\/how-to-install-esp8266-board-arduino-ide\/<\/a><\/p>\n<h4>Spr\u00e1va knihovny<\/h4>\n<p>P\u0159id\u00e1n\u00edm knihoven se z\u00edskaj\u00ed jednak pot\u0159ebn\u00e9 hlavi\u010dkov\u00e9 soubory, ale i p\u0159\u00edklady.<\/p>\n<p><a href=\"https:\/\/www.hwkitchen.cz\/arduino-navody\/jak-spravne-naimportovat-arduino-knihovnu-arduino-navody\/\">https:\/\/www.hwkitchen.cz\/arduino-navody\/jak-spravne-naimportovat-arduino-knihovnu-arduino-navody\/<\/a><\/p>\n<h4>Arduino n\u00e1vody<\/h4>\n<p><a href=\"https:\/\/arduino.cz\/category\/novinky\/tutorialy\/\">https:\/\/arduino.cz\/category\/novinky\/tutorialy\/<\/a><\/p>\n<h4>M\u00e1 dobr\u00e1 zku\u0161enost s po\u0159\u00edzen\u00edm komponent od<\/h4>\n<p><a href=\"https:\/\/laskarduino.cz\/jolisearch?s=esp8266\">https:\/\/laskarduino.cz\/jolisearch?s=esp8266<\/a><br \/>\n<a href=\"https:\/\/www.ptshop.cz\/ptshop-cz\/e-search?q=esp8266\">https:\/\/www.ptshop.cz\/ptshop-cz\/e-search?q=esp8266<\/a><\/p>\n","protected":false},"excerpt":{"rendered":"<p>V\u0161echny knihovny https:\/\/www.arduinolibraries.info\/libraries ESP8266 &#8211; NodeMCU Dokumentace NodeMCU Documentation Schema ESP-12F Schema RobotDyn-ESP8266+CH340G Piny ESP8266-32M Welcome to ESP8266 Arduino Core\u2019s documentation Libraries Adafruit GFX Library u8g2 reference fonty kompletn\u00ed list UTF8 Arduino editor https:\/\/www.arduino.cc\/en\/Main\/Software Nahr\u00e1v\u00e1n\u00ed kompilovan\u00e9ho programu v bin souboru do modulu z p\u0159\u00edkazov\u00e9ho \u0159\u00e1dku Instalace aplikace sudo apt install esptool Nahr\u00e1n\u00ed aplikace do modulu [&hellip;]<\/p>\n","protected":false},"author":1,"featured_media":0,"parent":5915,"menu_order":0,"comment_status":"closed","ping_status":"closed","template":"","meta":{"footnotes":""},"class_list":["post-5913","page","type-page","status-publish","hentry"],"yoast_head":"<!-- This site is optimized with the Yoast SEO plugin v26.1.1 - https:\/\/yoast.com\/wordpress\/plugins\/seo\/ -->\n<title>ESP8266 - Dokumentace - milchyn.cz<\/title>\n<meta name=\"robots\" content=\"index, follow, max-snippet:-1, max-image-preview:large, max-video-preview:-1\" \/>\n<link rel=\"canonical\" href=\"https:\/\/milchyn.cz\/esp8266-dokumentace\" \/>\n<meta property=\"og:locale\" content=\"cs_CZ\" \/>\n<meta property=\"og:type\" content=\"article\" \/>\n<meta property=\"og:title\" content=\"ESP8266 - Dokumentace - milchyn.cz\" \/>\n<meta property=\"og:description\" content=\"V\u0161echny knihovny https:\/\/www.arduinolibraries.info\/libraries ESP8266 &#8211; NodeMCU Dokumentace NodeMCU Documentation Schema ESP-12F Schema RobotDyn-ESP8266+CH340G Piny ESP8266-32M Welcome to ESP8266 Arduino Core\u2019s documentation Libraries Adafruit GFX Library u8g2 reference fonty kompletn\u00ed list UTF8 Arduino editor https:\/\/www.arduino.cc\/en\/Main\/Software Nahr\u00e1v\u00e1n\u00ed kompilovan\u00e9ho programu v bin souboru do modulu z p\u0159\u00edkazov\u00e9ho \u0159\u00e1dku Instalace aplikace sudo apt install esptool Nahr\u00e1n\u00ed aplikace do modulu [&hellip;]\" \/>\n<meta property=\"og:url\" content=\"https:\/\/milchyn.cz\/esp8266-dokumentace\" \/>\n<meta property=\"og:site_name\" content=\"milchyn.cz\" \/>\n<meta name=\"twitter:card\" content=\"summary_large_image\" \/>\n<meta name=\"twitter:label1\" content=\"Odhadovan\u00e1 doba \u010dten\u00ed\" \/>\n\t<meta name=\"twitter:data1\" content=\"1 minuta\" \/>\n<script type=\"application\/ld+json\" class=\"yoast-schema-graph\">{\"@context\":\"https:\/\/schema.org\",\"@graph\":[{\"@type\":\"WebPage\",\"@id\":\"https:\/\/milchyn.cz\/esp8266-dokumentace\",\"url\":\"https:\/\/milchyn.cz\/esp8266-dokumentace\",\"name\":\"ESP8266 - Dokumentace - milchyn.cz\",\"isPartOf\":{\"@id\":\"https:\/\/milchyn.cz\/#website\"},\"datePublished\":\"2021-10-09T07:35:02+00:00\",\"breadcrumb\":{\"@id\":\"https:\/\/milchyn.cz\/esp8266-dokumentace#breadcrumb\"},\"inLanguage\":\"cs\",\"potentialAction\":[{\"@type\":\"ReadAction\",\"target\":[\"https:\/\/milchyn.cz\/esp8266-dokumentace\"]}]},{\"@type\":\"BreadcrumbList\",\"@id\":\"https:\/\/milchyn.cz\/esp8266-dokumentace#breadcrumb\",\"itemListElement\":[{\"@type\":\"ListItem\",\"position\":1,\"name\":\"Dom\u016f\",\"item\":\"https:\/\/milchyn.cz\/\"},{\"@type\":\"ListItem\",\"position\":2,\"name\":\"Elektronika\",\"item\":\"https:\/\/milchyn.cz\/elektronika\"},{\"@type\":\"ListItem\",\"position\":3,\"name\":\"ESP8266\",\"item\":\"https:\/\/milchyn.cz\/esp8266\"},{\"@type\":\"ListItem\",\"position\":4,\"name\":\"ESP8266 &#8211; Dokumentace\"}]},{\"@type\":\"WebSite\",\"@id\":\"https:\/\/milchyn.cz\/#website\",\"url\":\"https:\/\/milchyn.cz\/\",\"name\":\"milchyn.cz\",\"description\":\"\",\"potentialAction\":[{\"@type\":\"SearchAction\",\"target\":{\"@type\":\"EntryPoint\",\"urlTemplate\":\"https:\/\/milchyn.cz\/?s={search_term_string}\"},\"query-input\":{\"@type\":\"PropertyValueSpecification\",\"valueRequired\":true,\"valueName\":\"search_term_string\"}}],\"inLanguage\":\"cs\"}]}<\/script>\n<!-- \/ Yoast SEO plugin. -->","yoast_head_json":{"title":"ESP8266 - Dokumentace - milchyn.cz","robots":{"index":"index","follow":"follow","max-snippet":"max-snippet:-1","max-image-preview":"max-image-preview:large","max-video-preview":"max-video-preview:-1"},"canonical":"https:\/\/milchyn.cz\/esp8266-dokumentace","og_locale":"cs_CZ","og_type":"article","og_title":"ESP8266 - Dokumentace - milchyn.cz","og_description":"V\u0161echny knihovny https:\/\/www.arduinolibraries.info\/libraries ESP8266 &#8211; NodeMCU Dokumentace NodeMCU Documentation Schema ESP-12F Schema RobotDyn-ESP8266+CH340G Piny ESP8266-32M Welcome to ESP8266 Arduino Core\u2019s documentation Libraries Adafruit GFX Library u8g2 reference fonty kompletn\u00ed list UTF8 Arduino editor https:\/\/www.arduino.cc\/en\/Main\/Software Nahr\u00e1v\u00e1n\u00ed kompilovan\u00e9ho programu v bin souboru do modulu z p\u0159\u00edkazov\u00e9ho \u0159\u00e1dku Instalace aplikace sudo apt install esptool Nahr\u00e1n\u00ed aplikace do modulu [&hellip;]","og_url":"https:\/\/milchyn.cz\/esp8266-dokumentace","og_site_name":"milchyn.cz","twitter_card":"summary_large_image","twitter_misc":{"Odhadovan\u00e1 doba \u010dten\u00ed":"1 minuta"},"schema":{"@context":"https:\/\/schema.org","@graph":[{"@type":"WebPage","@id":"https:\/\/milchyn.cz\/esp8266-dokumentace","url":"https:\/\/milchyn.cz\/esp8266-dokumentace","name":"ESP8266 - Dokumentace - milchyn.cz","isPartOf":{"@id":"https:\/\/milchyn.cz\/#website"},"datePublished":"2021-10-09T07:35:02+00:00","breadcrumb":{"@id":"https:\/\/milchyn.cz\/esp8266-dokumentace#breadcrumb"},"inLanguage":"cs","potentialAction":[{"@type":"ReadAction","target":["https:\/\/milchyn.cz\/esp8266-dokumentace"]}]},{"@type":"BreadcrumbList","@id":"https:\/\/milchyn.cz\/esp8266-dokumentace#breadcrumb","itemListElement":[{"@type":"ListItem","position":1,"name":"Dom\u016f","item":"https:\/\/milchyn.cz\/"},{"@type":"ListItem","position":2,"name":"Elektronika","item":"https:\/\/milchyn.cz\/elektronika"},{"@type":"ListItem","position":3,"name":"ESP8266","item":"https:\/\/milchyn.cz\/esp8266"},{"@type":"ListItem","position":4,"name":"ESP8266 &#8211; Dokumentace"}]},{"@type":"WebSite","@id":"https:\/\/milchyn.cz\/#website","url":"https:\/\/milchyn.cz\/","name":"milchyn.cz","description":"","potentialAction":[{"@type":"SearchAction","target":{"@type":"EntryPoint","urlTemplate":"https:\/\/milchyn.cz\/?s={search_term_string}"},"query-input":{"@type":"PropertyValueSpecification","valueRequired":true,"valueName":"search_term_string"}}],"inLanguage":"cs"}]}},"_links":{"self":[{"href":"https:\/\/milchyn.cz\/index.php?rest_route=\/wp\/v2\/pages\/5913","targetHints":{"allow":["GET"]}}],"collection":[{"href":"https:\/\/milchyn.cz\/index.php?rest_route=\/wp\/v2\/pages"}],"about":[{"href":"https:\/\/milchyn.cz\/index.php?rest_route=\/wp\/v2\/types\/page"}],"author":[{"embeddable":true,"href":"https:\/\/milchyn.cz\/index.php?rest_route=\/wp\/v2\/users\/1"}],"replies":[{"embeddable":true,"href":"https:\/\/milchyn.cz\/index.php?rest_route=%2Fwp%2Fv2%2Fcomments&post=5913"}],"version-history":[{"count":0,"href":"https:\/\/milchyn.cz\/index.php?rest_route=\/wp\/v2\/pages\/5913\/revisions"}],"up":[{"embeddable":true,"href":"https:\/\/milchyn.cz\/index.php?rest_route=\/wp\/v2\/pages\/5915"}],"wp:attachment":[{"href":"https:\/\/milchyn.cz\/index.php?rest_route=%2Fwp%2Fv2%2Fmedia&parent=5913"}],"curies":[{"name":"wp","href":"https:\/\/api.w.org\/{rel}","templated":true}]}}