{"id":5374,"date":"2021-02-15T11:17:15","date_gmt":"2021-02-15T10:17:15","guid":{"rendered":"https:\/\/milchyn.cz\/?page_id=5374"},"modified":"2021-02-15T11:17:15","modified_gmt":"2021-02-15T10:17:15","slug":"asm-sort","status":"publish","type":"page","link":"https:\/\/milchyn.cz\/asm-sort","title":{"rendered":"ASM &#8211; Sort"},"content":{"rendered":"<h4><strong>sort.asm:<\/strong><\/h4>\n<p><pre>;###################################################################################################\n\n&nbsp;&nbsp;&nbsp;&nbsp;CBLOCK&nbsp;&nbsp;0x20\n&nbsp;&nbsp;r_SORT__1\n&nbsp;&nbsp;r_SORT__2\n&nbsp;&nbsp;r_SORT__3\n&nbsp;&nbsp;r_SORT__4\n&nbsp;&nbsp;r_SORT__5\n&nbsp;&nbsp;r_SORT__6\n&nbsp;&nbsp;r_SORT__7\n&nbsp;&nbsp;r_SORT__8\n&nbsp;&nbsp;r_SORT__9\n&nbsp;&nbsp;r_SORT__IX_1\n&nbsp;&nbsp;r_SORT__IX_2\n&nbsp;&nbsp;r_SORT__TMP\n&nbsp;&nbsp;&nbsp;&nbsp;ENDC\n;---------------------------------------------------------------------------------------------------\n\n;###################################################################################################\n_SORT: \n;---------------------------------------------------------------------------------------------------\n&nbsp;&nbsp;&nbsp;&nbsp;\n&nbsp;&nbsp;&nbsp;&nbsp; MOVLW&nbsp;&nbsp;.9&nbsp;&nbsp;&nbsp;&nbsp;&nbsp;&nbsp;&nbsp;&nbsp;; --.&nbsp;&nbsp;&#039;n&#039; dekadicky pocet prvku ke trideni\n&nbsp;&nbsp;MOVWF&nbsp;&nbsp;r_SORT__IX_1&nbsp;&nbsp;&nbsp;&nbsp;&nbsp;&nbsp;; &lt;-&#039;\n\n&nbsp;&nbsp;\n_SORT.Smycka_1:\n\n&nbsp;&nbsp;; --- SMYCKA 1:&nbsp;&nbsp;(r_SORT__IX_1) = &#039;n&#039; AZ 1 ---\n\n&nbsp;&nbsp;MOVLW&nbsp;&nbsp;.1&nbsp;&nbsp;&nbsp;&nbsp;&nbsp;&nbsp;&nbsp;&nbsp;; --.\n&nbsp;&nbsp;MOVWF&nbsp;&nbsp;r_SORT__IX_2&nbsp;&nbsp;&nbsp;&nbsp;&nbsp;&nbsp;; &lt;-&#039;\n\n&nbsp;&nbsp;\n&nbsp;&nbsp;\n_SORT.Smycka_2:\n&nbsp;&nbsp;&nbsp;&nbsp; \n&nbsp;&nbsp;; --- SMYCKA 2:&nbsp;&nbsp;(r_SORT__IX_2): 1 AZ (r_SORT__IX_1) ---\n&nbsp;&nbsp;; --- (INDF[r_SORT__IX_2 -1]) - (INDF[r_SORT__IX_2 ]) ---\n&nbsp;&nbsp;\n&nbsp;&nbsp;MOVFW&nbsp;&nbsp;r_SORT__IX_2&nbsp;&nbsp;&nbsp;&nbsp;&nbsp;&nbsp;; \n&nbsp;&nbsp;ADDLW&nbsp;&nbsp;r_SORT__1&nbsp;&nbsp;&nbsp;&nbsp;&nbsp;&nbsp;;\n&nbsp;&nbsp;MOVWF&nbsp;&nbsp;FSR&nbsp;&nbsp;&nbsp;&nbsp;&nbsp;&nbsp;&nbsp;&nbsp;; FSR pointr: (r_SORT__IX_2)\n\n&nbsp;&nbsp;MOVFW&nbsp;&nbsp;INDF&nbsp;&nbsp;&nbsp;&nbsp;&nbsp;&nbsp;&nbsp;&nbsp;; (W) = (INDF[r_SORT__IX_2])&nbsp;&nbsp;\n&nbsp;&nbsp;DECF&nbsp;&nbsp;FSR,f&nbsp;&nbsp;&nbsp;&nbsp;&nbsp;&nbsp;&nbsp;&nbsp;; FSR pointr: (r_SORT__IX_2 -1)\n&nbsp;&nbsp;SUBWF&nbsp;&nbsp;INDF,w&nbsp;&nbsp;&nbsp;&nbsp;&nbsp;&nbsp;&nbsp;&nbsp;; (W) = (INDF[r_SORT__IX_2 -1]) - (W)\n&nbsp;&nbsp;\n\n&nbsp;&nbsp;; --- SMER TRIDENI SE VOLI ODKOMENTOVANIM BTFSC... NEBO BTFSS... ---\n&nbsp;&nbsp;\n&nbsp;&nbsp;BTFSC&nbsp;&nbsp;STATUS,C&nbsp;&nbsp;&nbsp;&nbsp;&nbsp;&nbsp;; ?? PROHODIT PRO VZESTUPNE ??\n;&nbsp;&nbsp;BTFSS&nbsp;&nbsp;STATUS,C&nbsp;&nbsp;&nbsp;&nbsp;&nbsp;&nbsp;; ?? PROHODIT PRO SESTUPNE ??\n&nbsp;&nbsp;CALL&nbsp;&nbsp;_SORT.Prohozeni&nbsp;&nbsp;&nbsp;&nbsp;&nbsp;&nbsp;; &#039;ANO&#039;\n&nbsp;&nbsp;\n&nbsp;&nbsp;INCF&nbsp;&nbsp;r_SORT__IX_2,f&nbsp;&nbsp;&nbsp;&nbsp;&nbsp;&nbsp;; (r_SORT__IX_2) +1\n&nbsp;&nbsp;\n\n&nbsp;&nbsp;; --- (r_SORT__IX_1) &gt;= (r_SORT__IX_2) ---\n&nbsp;&nbsp;\n&nbsp;&nbsp;INCF&nbsp;&nbsp;r_SORT__IX_2,w&nbsp;&nbsp;&nbsp;&nbsp;&nbsp;&nbsp;; (W) = (r_SORT__IX_2) +1\n&nbsp;&nbsp;SUBWF&nbsp;&nbsp;r_SORT__IX_1,w&nbsp;&nbsp;&nbsp;&nbsp;&nbsp;&nbsp;; (W) = (r_SORT__IX_1) - (r_SORT__IX_2)\n&nbsp;&nbsp;\n\n&nbsp;&nbsp;; --- ZAKONCENI SMYCKY 2 ---\n&nbsp;&nbsp;\n&nbsp;&nbsp;BTFSC&nbsp;&nbsp;STATUS,C&nbsp;&nbsp;&nbsp;&nbsp;&nbsp;&nbsp;; ?? (r_SORT__IX_1) &gt;= (r_SORT__IX_2) ??\n&nbsp;&nbsp;GOTO&nbsp;&nbsp;_SORT.Smycka_2&nbsp;&nbsp;&nbsp;&nbsp;&nbsp;&nbsp;; &#039;ANO&#039;\n&nbsp;&nbsp;\n\n&nbsp;&nbsp;; --- ZAKONCENI SMYCKY 1 ---\n&nbsp;&nbsp;&nbsp;&nbsp;&nbsp;&nbsp;&nbsp;&nbsp;\n&nbsp;&nbsp;DECFSZ&nbsp;&nbsp;r_SORT__IX_1,f&nbsp;&nbsp;&nbsp;&nbsp;&nbsp;&nbsp;; ?? DOSAZENA &#039;0&#039; ?? \n&nbsp;&nbsp;GOTO&nbsp;&nbsp;_SORT.Smycka_1&nbsp;&nbsp;&nbsp;&nbsp;&nbsp;&nbsp;; &#039;NE&#039;\n&nbsp;&nbsp;\n&nbsp;&nbsp;RETURN\n&nbsp;&nbsp;\n\n_SORT.Prohozeni:\n&nbsp;&nbsp;&nbsp;&nbsp;\n&nbsp;&nbsp;; --- (INDF[r_SORT__IX_2 -1]) &lt;-PROHOZENI-&gt; (INDF[r_SORT__IX_2 ]) ---\n&nbsp;&nbsp;\n&nbsp;&nbsp;MOVFW&nbsp;&nbsp;INDF&nbsp;&nbsp;&nbsp;&nbsp;&nbsp;&nbsp;&nbsp;&nbsp;; --.\n&nbsp;&nbsp;MOVWF&nbsp;&nbsp;r_SORT__TMP&nbsp;&nbsp;&nbsp;&nbsp;&nbsp;&nbsp;; &lt;-&#039;&nbsp;&nbsp;(r_SORT__TMP) = (INDF[r_SORT__IX_2 -1])\n&nbsp;&nbsp;\n&nbsp;&nbsp;INCF&nbsp;&nbsp;FSR,f&nbsp;&nbsp;&nbsp;&nbsp;&nbsp;&nbsp;&nbsp;&nbsp;; FSR pointr: (r_SORT__IX_2)\n&nbsp;&nbsp;MOVFW&nbsp;&nbsp;INDF&nbsp;&nbsp;&nbsp;&nbsp;&nbsp;&nbsp;&nbsp;&nbsp;; -&gt;(W)\n&nbsp;&nbsp;DECF&nbsp;&nbsp;FSR,f&nbsp;&nbsp;&nbsp;&nbsp;&nbsp;&nbsp;&nbsp;&nbsp;; FSR pointr: (r_SORT__IX_2 -1) \n&nbsp;&nbsp;MOVWF&nbsp;&nbsp;INDF&nbsp;&nbsp;&nbsp;&nbsp;&nbsp;&nbsp;&nbsp;&nbsp;; &lt;-(W)\n&nbsp;&nbsp;\n&nbsp;&nbsp;INCF&nbsp;&nbsp;FSR,f&nbsp;&nbsp;&nbsp;&nbsp;&nbsp;&nbsp;&nbsp;&nbsp;; FSR pointr: r_SORT__IX_2\n&nbsp;&nbsp;MOVFW&nbsp;&nbsp;r_SORT__TMP&nbsp;&nbsp;&nbsp;&nbsp;&nbsp;&nbsp;; --.\n&nbsp;&nbsp;MOVWF&nbsp;&nbsp;INDF&nbsp;&nbsp;&nbsp;&nbsp;&nbsp;&nbsp;&nbsp;&nbsp;; &lt;-&#039;&nbsp;&nbsp;(INDF[r_SORT__IX_2]) = (r_SORT__TMP)\n\n&nbsp;&nbsp;RETURN\n&nbsp;&nbsp; \n;###################################################################################################\n<\/pre><\/p>\n","protected":false},"excerpt":{"rendered":"<p>sort.asm: ;################################################################################################### &nbsp;&nbsp;&nbsp;&nbsp;CBLOCK&nbsp;&nbsp;0x20 &nbsp;&nbsp;r_SORT__1 &nbsp;&nbsp;r_SORT__2 &nbsp;&nbsp;r_SORT__3 &nbsp;&nbsp;r_SORT__4 &nbsp;&nbsp;r_SORT__5 &nbsp;&nbsp;r_SORT__6 &nbsp;&nbsp;r_SORT__7 &nbsp;&nbsp;r_SORT__8 &nbsp;&nbsp;r_SORT__9 &nbsp;&nbsp;r_SORT__IX_1 &nbsp;&nbsp;r_SORT__IX_2 &nbsp;&nbsp;r_SORT__TMP &nbsp;&nbsp;&nbsp;&nbsp;ENDC ;&#8212;&#8212;&#8212;&#8212;&#8212;&#8212;&#8212;&#8212;&#8212;&#8212;&#8212;&#8212;&#8212;&#8212;&#8212;&#8212;&#8212;&#8212;&#8212;&#8212;&#8212;&#8212;&#8212;&#8212;&#8212;&#8212;&#8212;&#8212;&#8212;&#8212;&#8212;&#8212;&#8212; ;################################################################################################### _SORT: ;&#8212;&#8212;&#8212;&#8212;&#8212;&#8212;&#8212;&#8212;&#8212;&#8212;&#8212;&#8212;&#8212;&#8212;&#8212;&#8212;&#8212;&#8212;&#8212;&#8212;&#8212;&#8212;&#8212;&#8212;&#8212;&#8212;&#8212;&#8212;&#8212;&#8212;&#8212;&#8212;&#8212; &nbsp;&nbsp;&nbsp;&nbsp; &nbsp;&nbsp;&nbsp;&nbsp; MOVLW&nbsp;&nbsp;.9&nbsp;&nbsp;&nbsp;&nbsp;&nbsp;&nbsp;&nbsp;&nbsp;; &#8211;.&nbsp;&nbsp;&#039;n&#039; dekadicky pocet prvku ke trideni &nbsp;&nbsp;MOVWF&nbsp;&nbsp;r_SORT__IX_1&nbsp;&nbsp;&nbsp;&nbsp;&nbsp;&nbsp;; &lt;-&#039; &nbsp;&nbsp; _SORT.Smycka_1: &nbsp;&nbsp;; &#8212; SMYCKA 1:&nbsp;&nbsp;(r_SORT__IX_1) = &#039;n&#039; AZ 1 &#8212; &nbsp;&nbsp;MOVLW&nbsp;&nbsp;.1&nbsp;&nbsp;&nbsp;&nbsp;&nbsp;&nbsp;&nbsp;&nbsp;; &#8211;. &nbsp;&nbsp;MOVWF&nbsp;&nbsp;r_SORT__IX_2&nbsp;&nbsp;&nbsp;&nbsp;&nbsp;&nbsp;; &lt;-&#039; &nbsp;&nbsp; &nbsp;&nbsp; _SORT.Smycka_2: &nbsp;&nbsp;&nbsp;&nbsp; &nbsp;&nbsp;; &#8212; SMYCKA 2:&nbsp;&nbsp;(r_SORT__IX_2): 1 [&hellip;]<\/p>\n","protected":false},"author":1,"featured_media":0,"parent":6072,"menu_order":0,"comment_status":"closed","ping_status":"closed","template":"","meta":{"footnotes":""},"class_list":["post-5374","page","type-page","status-publish","hentry"],"yoast_head":"<!-- This site is optimized with the Yoast SEO plugin v26.1.1 - https:\/\/yoast.com\/wordpress\/plugins\/seo\/ -->\n<title>ASM - Sort - milchyn.cz<\/title>\n<meta name=\"robots\" content=\"index, follow, max-snippet:-1, max-image-preview:large, max-video-preview:-1\" \/>\n<link rel=\"canonical\" href=\"https:\/\/milchyn.cz\/asm-sort\" \/>\n<meta property=\"og:locale\" content=\"cs_CZ\" \/>\n<meta property=\"og:type\" content=\"article\" \/>\n<meta property=\"og:title\" content=\"ASM - Sort - milchyn.cz\" \/>\n<meta property=\"og:description\" content=\"sort.asm: ;################################################################################################### &nbsp;&nbsp;&nbsp;&nbsp;CBLOCK&nbsp;&nbsp;0x20 &nbsp;&nbsp;r_SORT__1 &nbsp;&nbsp;r_SORT__2 &nbsp;&nbsp;r_SORT__3 &nbsp;&nbsp;r_SORT__4 &nbsp;&nbsp;r_SORT__5 &nbsp;&nbsp;r_SORT__6 &nbsp;&nbsp;r_SORT__7 &nbsp;&nbsp;r_SORT__8 &nbsp;&nbsp;r_SORT__9 &nbsp;&nbsp;r_SORT__IX_1 &nbsp;&nbsp;r_SORT__IX_2 &nbsp;&nbsp;r_SORT__TMP &nbsp;&nbsp;&nbsp;&nbsp;ENDC ;--------------------------------------------------------------------------------------------------- ;################################################################################################### _SORT: ;--------------------------------------------------------------------------------------------------- &nbsp;&nbsp;&nbsp;&nbsp; &nbsp;&nbsp;&nbsp;&nbsp; MOVLW&nbsp;&nbsp;.9&nbsp;&nbsp;&nbsp;&nbsp;&nbsp;&nbsp;&nbsp;&nbsp;; --.&nbsp;&nbsp;&#039;n&#039; dekadicky pocet prvku ke trideni &nbsp;&nbsp;MOVWF&nbsp;&nbsp;r_SORT__IX_1&nbsp;&nbsp;&nbsp;&nbsp;&nbsp;&nbsp;; &lt;-&#039; &nbsp;&nbsp; _SORT.Smycka_1: &nbsp;&nbsp;; --- SMYCKA 1:&nbsp;&nbsp;(r_SORT__IX_1) = &#039;n&#039; AZ 1 --- &nbsp;&nbsp;MOVLW&nbsp;&nbsp;.1&nbsp;&nbsp;&nbsp;&nbsp;&nbsp;&nbsp;&nbsp;&nbsp;; --. &nbsp;&nbsp;MOVWF&nbsp;&nbsp;r_SORT__IX_2&nbsp;&nbsp;&nbsp;&nbsp;&nbsp;&nbsp;; &lt;-&#039; &nbsp;&nbsp; &nbsp;&nbsp; _SORT.Smycka_2: &nbsp;&nbsp;&nbsp;&nbsp; &nbsp;&nbsp;; --- SMYCKA 2:&nbsp;&nbsp;(r_SORT__IX_2): 1 [&hellip;]\" \/>\n<meta property=\"og:url\" content=\"https:\/\/milchyn.cz\/asm-sort\" \/>\n<meta property=\"og:site_name\" content=\"milchyn.cz\" \/>\n<meta name=\"twitter:card\" content=\"summary_large_image\" \/>\n<meta name=\"twitter:label1\" content=\"Odhadovan\u00e1 doba \u010dten\u00ed\" \/>\n\t<meta name=\"twitter:data1\" content=\"1 minuta\" \/>\n<script type=\"application\/ld+json\" class=\"yoast-schema-graph\">{\"@context\":\"https:\/\/schema.org\",\"@graph\":[{\"@type\":\"WebPage\",\"@id\":\"https:\/\/milchyn.cz\/asm-sort\",\"url\":\"https:\/\/milchyn.cz\/asm-sort\",\"name\":\"ASM - Sort - milchyn.cz\",\"isPartOf\":{\"@id\":\"https:\/\/milchyn.cz\/#website\"},\"datePublished\":\"2021-02-15T10:17:15+00:00\",\"breadcrumb\":{\"@id\":\"https:\/\/milchyn.cz\/asm-sort#breadcrumb\"},\"inLanguage\":\"cs\",\"potentialAction\":[{\"@type\":\"ReadAction\",\"target\":[\"https:\/\/milchyn.cz\/asm-sort\"]}]},{\"@type\":\"BreadcrumbList\",\"@id\":\"https:\/\/milchyn.cz\/asm-sort#breadcrumb\",\"itemListElement\":[{\"@type\":\"ListItem\",\"position\":1,\"name\":\"Dom\u016f\",\"item\":\"https:\/\/milchyn.cz\/\"},{\"@type\":\"ListItem\",\"position\":2,\"name\":\"Elektronika\",\"item\":\"https:\/\/milchyn.cz\/elektronika\"},{\"@type\":\"ListItem\",\"position\":3,\"name\":\"PIC Mikrokontrol\u00e9r\",\"item\":\"https:\/\/milchyn.cz\/pic\"},{\"@type\":\"ListItem\",\"position\":4,\"name\":\"PIC &#8211; ASSEMBLER\",\"item\":\"https:\/\/milchyn.cz\/pic-assembler\"},{\"@type\":\"ListItem\",\"position\":5,\"name\":\"ASM &#8211; Sort\"}]},{\"@type\":\"WebSite\",\"@id\":\"https:\/\/milchyn.cz\/#website\",\"url\":\"https:\/\/milchyn.cz\/\",\"name\":\"milchyn.cz\",\"description\":\"\",\"potentialAction\":[{\"@type\":\"SearchAction\",\"target\":{\"@type\":\"EntryPoint\",\"urlTemplate\":\"https:\/\/milchyn.cz\/?s={search_term_string}\"},\"query-input\":{\"@type\":\"PropertyValueSpecification\",\"valueRequired\":true,\"valueName\":\"search_term_string\"}}],\"inLanguage\":\"cs\"}]}<\/script>\n<!-- \/ Yoast SEO plugin. -->","yoast_head_json":{"title":"ASM - Sort - milchyn.cz","robots":{"index":"index","follow":"follow","max-snippet":"max-snippet:-1","max-image-preview":"max-image-preview:large","max-video-preview":"max-video-preview:-1"},"canonical":"https:\/\/milchyn.cz\/asm-sort","og_locale":"cs_CZ","og_type":"article","og_title":"ASM - Sort - milchyn.cz","og_description":"sort.asm: ;################################################################################################### &nbsp;&nbsp;&nbsp;&nbsp;CBLOCK&nbsp;&nbsp;0x20 &nbsp;&nbsp;r_SORT__1 &nbsp;&nbsp;r_SORT__2 &nbsp;&nbsp;r_SORT__3 &nbsp;&nbsp;r_SORT__4 &nbsp;&nbsp;r_SORT__5 &nbsp;&nbsp;r_SORT__6 &nbsp;&nbsp;r_SORT__7 &nbsp;&nbsp;r_SORT__8 &nbsp;&nbsp;r_SORT__9 &nbsp;&nbsp;r_SORT__IX_1 &nbsp;&nbsp;r_SORT__IX_2 &nbsp;&nbsp;r_SORT__TMP &nbsp;&nbsp;&nbsp;&nbsp;ENDC ;--------------------------------------------------------------------------------------------------- ;################################################################################################### _SORT: ;--------------------------------------------------------------------------------------------------- &nbsp;&nbsp;&nbsp;&nbsp; &nbsp;&nbsp;&nbsp;&nbsp; MOVLW&nbsp;&nbsp;.9&nbsp;&nbsp;&nbsp;&nbsp;&nbsp;&nbsp;&nbsp;&nbsp;; --.&nbsp;&nbsp;&#039;n&#039; dekadicky pocet prvku ke trideni &nbsp;&nbsp;MOVWF&nbsp;&nbsp;r_SORT__IX_1&nbsp;&nbsp;&nbsp;&nbsp;&nbsp;&nbsp;; &lt;-&#039; &nbsp;&nbsp; _SORT.Smycka_1: &nbsp;&nbsp;; --- SMYCKA 1:&nbsp;&nbsp;(r_SORT__IX_1) = &#039;n&#039; AZ 1 --- &nbsp;&nbsp;MOVLW&nbsp;&nbsp;.1&nbsp;&nbsp;&nbsp;&nbsp;&nbsp;&nbsp;&nbsp;&nbsp;; --. &nbsp;&nbsp;MOVWF&nbsp;&nbsp;r_SORT__IX_2&nbsp;&nbsp;&nbsp;&nbsp;&nbsp;&nbsp;; &lt;-&#039; &nbsp;&nbsp; &nbsp;&nbsp; _SORT.Smycka_2: &nbsp;&nbsp;&nbsp;&nbsp; &nbsp;&nbsp;; --- SMYCKA 2:&nbsp;&nbsp;(r_SORT__IX_2): 1 [&hellip;]","og_url":"https:\/\/milchyn.cz\/asm-sort","og_site_name":"milchyn.cz","twitter_card":"summary_large_image","twitter_misc":{"Odhadovan\u00e1 doba \u010dten\u00ed":"1 minuta"},"schema":{"@context":"https:\/\/schema.org","@graph":[{"@type":"WebPage","@id":"https:\/\/milchyn.cz\/asm-sort","url":"https:\/\/milchyn.cz\/asm-sort","name":"ASM - Sort - milchyn.cz","isPartOf":{"@id":"https:\/\/milchyn.cz\/#website"},"datePublished":"2021-02-15T10:17:15+00:00","breadcrumb":{"@id":"https:\/\/milchyn.cz\/asm-sort#breadcrumb"},"inLanguage":"cs","potentialAction":[{"@type":"ReadAction","target":["https:\/\/milchyn.cz\/asm-sort"]}]},{"@type":"BreadcrumbList","@id":"https:\/\/milchyn.cz\/asm-sort#breadcrumb","itemListElement":[{"@type":"ListItem","position":1,"name":"Dom\u016f","item":"https:\/\/milchyn.cz\/"},{"@type":"ListItem","position":2,"name":"Elektronika","item":"https:\/\/milchyn.cz\/elektronika"},{"@type":"ListItem","position":3,"name":"PIC Mikrokontrol\u00e9r","item":"https:\/\/milchyn.cz\/pic"},{"@type":"ListItem","position":4,"name":"PIC &#8211; ASSEMBLER","item":"https:\/\/milchyn.cz\/pic-assembler"},{"@type":"ListItem","position":5,"name":"ASM &#8211; Sort"}]},{"@type":"WebSite","@id":"https:\/\/milchyn.cz\/#website","url":"https:\/\/milchyn.cz\/","name":"milchyn.cz","description":"","potentialAction":[{"@type":"SearchAction","target":{"@type":"EntryPoint","urlTemplate":"https:\/\/milchyn.cz\/?s={search_term_string}"},"query-input":{"@type":"PropertyValueSpecification","valueRequired":true,"valueName":"search_term_string"}}],"inLanguage":"cs"}]}},"_links":{"self":[{"href":"https:\/\/milchyn.cz\/index.php?rest_route=\/wp\/v2\/pages\/5374","targetHints":{"allow":["GET"]}}],"collection":[{"href":"https:\/\/milchyn.cz\/index.php?rest_route=\/wp\/v2\/pages"}],"about":[{"href":"https:\/\/milchyn.cz\/index.php?rest_route=\/wp\/v2\/types\/page"}],"author":[{"embeddable":true,"href":"https:\/\/milchyn.cz\/index.php?rest_route=\/wp\/v2\/users\/1"}],"replies":[{"embeddable":true,"href":"https:\/\/milchyn.cz\/index.php?rest_route=%2Fwp%2Fv2%2Fcomments&post=5374"}],"version-history":[{"count":0,"href":"https:\/\/milchyn.cz\/index.php?rest_route=\/wp\/v2\/pages\/5374\/revisions"}],"up":[{"embeddable":true,"href":"https:\/\/milchyn.cz\/index.php?rest_route=\/wp\/v2\/pages\/6072"}],"wp:attachment":[{"href":"https:\/\/milchyn.cz\/index.php?rest_route=%2Fwp%2Fv2%2Fmedia&parent=5374"}],"curies":[{"name":"wp","href":"https:\/\/api.w.org\/{rel}","templated":true}]}}