{"id":5298,"date":"2020-09-26T22:48:30","date_gmt":"2020-09-26T20:48:30","guid":{"rendered":"https:\/\/milchyn.cz\/?page_id=5298"},"modified":"2025-09-22T11:28:23","modified_gmt":"2025-09-22T11:28:23","slug":"st-link-programovani-stm32","status":"publish","type":"page","link":"https:\/\/milchyn.cz\/st-link-programovani-stm32","title":{"rendered":"st-link \u2013 programov\u00e1n\u00ed STM32"},"content":{"rendered":"<p>Nainstalovat si: <a href=\"https:\/\/milchyn.cz\/xubuntu-aplikace-serverove?open=1&amp;accordion_id=vyvoj#vyvoj\">st-link<\/a><\/p>\n<p>&nbsp;<\/p>\n<p><img loading=\"lazy\" decoding=\"async\" class=\"alignnone wp-image-7498 size-medium\" src=\"https:\/\/milchyn.cz\/wp-content\/uploads\/2023\/03\/St-Link-STM32F103C8T6-300x188.png\" alt=\"\" width=\"300\" height=\"188\" srcset=\"https:\/\/milchyn.cz\/wp-content\/uploads\/2023\/03\/St-Link-STM32F103C8T6-300x188.png 300w, https:\/\/milchyn.cz\/wp-content\/uploads\/2023\/03\/St-Link-STM32F103C8T6.png 640w\" sizes=\"auto, (max-width: 300px) 100vw, 300px\" \/><\/p>\n<h5>Informace o STM32 \u010dipu<\/h5>\n<p><pre>st-info --probe<\/pre><\/p>\n<h5>P\u0159e\u010dten\u00ed STM32 \u010dipu 64kB<\/h5>\n<p><pre>st-flash read firmware.bin 0x8000000 0x10000<\/pre><\/p>\n<h5>P\u0159e\u010dten\u00ed STM32 \u010dipu 128kB<\/h5>\n<p><pre>st-flash read firmware.bin 0x8000000 0x20000<\/pre><\/p>\n<h5>P\u0159e\u010dten\u00ed STM32 \u010dipu 256kB<\/h5>\n<p><pre>st-flash read firmware.bin 0x8000000 0x40000<\/pre><\/p>\n<h5>P\u0159e\u010dten\u00ed STM32 \u010dipu 512kB<\/h5>\n<p><pre>st-flash read firmware.bin 0x8000000 0x80000<\/pre><\/p>\n<h5>Smaz\u00e1n\u00ed STM32 \u010dipu<\/h5>\n<p><pre>st-flash erase<\/pre><\/p>\n<h5>Nahr\u00e1n\u00ed STM32 \u010dipu<\/h5>\n<p><pre>st-flash write firmware.bin 0x8000000<\/pre><\/p>\n<h5>Reset STM32 \u010dipu<\/h5>\n<p><pre>st-flash reset<\/pre><br \/>\n&nbsp;<\/p>\n<p><a href=\"https:\/\/www.st.com\/en\/development-tools\/stm32-ides.html\" target=\"_blank\" rel=\"noopener\"><strong><span class=\"pismo-cerna-b\">STM32CubeIDE<\/span><\/strong><\/a> \u2013 v\u00fdvojov\u00e9 prost\u0159ed\u00ed STM32 mikrokontrol\u00e9r\u016f<\/p>\n<p>Nainstalovat si: <a href=\"https:\/\/milchyn.cz\/xubuntu-aplikace-serverove?open=1&amp;accordion_id=vyvoj#vyvoj\">st-link<\/a><\/p>\n","protected":false},"excerpt":{"rendered":"<p>Nainstalovat si: st-link &nbsp; Informace o STM32 \u010dipu st-info &#8211;probe P\u0159e\u010dten\u00ed STM32 \u010dipu 64kB st-flash read firmware.bin 0x8000000 0x10000 P\u0159e\u010dten\u00ed STM32 \u010dipu 128kB st-flash read firmware.bin 0x8000000 0x20000 P\u0159e\u010dten\u00ed STM32 \u010dipu 256kB st-flash read firmware.bin 0x8000000 0x40000 P\u0159e\u010dten\u00ed STM32 \u010dipu 512kB st-flash read firmware.bin 0x8000000 0x80000 Smaz\u00e1n\u00ed STM32 \u010dipu st-flash erase Nahr\u00e1n\u00ed STM32 \u010dipu st-flash [&hellip;]<\/p>\n","protected":false},"author":1,"featured_media":0,"parent":2101,"menu_order":0,"comment_status":"closed","ping_status":"closed","template":"","meta":{"footnotes":""},"class_list":["post-5298","page","type-page","status-publish","hentry"],"yoast_head":"<!-- This site is optimized with the Yoast SEO plugin v26.1.1 - https:\/\/yoast.com\/wordpress\/plugins\/seo\/ -->\n<title>st-link \u2013 programov\u00e1n\u00ed STM32 - milchyn.cz<\/title>\n<meta name=\"robots\" content=\"index, follow, max-snippet:-1, max-image-preview:large, max-video-preview:-1\" \/>\n<link rel=\"canonical\" href=\"https:\/\/milchyn.cz\/st-link-programovani-stm32\" \/>\n<meta property=\"og:locale\" content=\"cs_CZ\" \/>\n<meta property=\"og:type\" content=\"article\" \/>\n<meta property=\"og:title\" content=\"st-link \u2013 programov\u00e1n\u00ed STM32 - milchyn.cz\" \/>\n<meta property=\"og:description\" content=\"Nainstalovat si: st-link &nbsp; Informace o STM32 \u010dipu st-info --probe P\u0159e\u010dten\u00ed STM32 \u010dipu 64kB st-flash read firmware.bin 0x8000000 0x10000 P\u0159e\u010dten\u00ed STM32 \u010dipu 128kB st-flash read firmware.bin 0x8000000 0x20000 P\u0159e\u010dten\u00ed STM32 \u010dipu 256kB st-flash read firmware.bin 0x8000000 0x40000 P\u0159e\u010dten\u00ed STM32 \u010dipu 512kB st-flash read firmware.bin 0x8000000 0x80000 Smaz\u00e1n\u00ed STM32 \u010dipu st-flash erase Nahr\u00e1n\u00ed STM32 \u010dipu st-flash [&hellip;]\" \/>\n<meta property=\"og:url\" content=\"https:\/\/milchyn.cz\/st-link-programovani-stm32\" \/>\n<meta property=\"og:site_name\" content=\"milchyn.cz\" \/>\n<meta property=\"article:modified_time\" content=\"2025-09-22T11:28:23+00:00\" \/>\n<meta property=\"og:image\" content=\"https:\/\/milchyn.cz\/wp-content\/uploads\/2023\/03\/St-Link-STM32F103C8T6.png\" \/>\n\t<meta property=\"og:image:width\" content=\"640\" \/>\n\t<meta property=\"og:image:height\" content=\"400\" \/>\n\t<meta property=\"og:image:type\" content=\"image\/png\" \/>\n<meta name=\"twitter:card\" content=\"summary_large_image\" \/>\n<meta name=\"twitter:label1\" content=\"Odhadovan\u00e1 doba \u010dten\u00ed\" \/>\n\t<meta name=\"twitter:data1\" content=\"1 minuta\" \/>\n<script type=\"application\/ld+json\" class=\"yoast-schema-graph\">{\"@context\":\"https:\/\/schema.org\",\"@graph\":[{\"@type\":\"WebPage\",\"@id\":\"https:\/\/milchyn.cz\/st-link-programovani-stm32\",\"url\":\"https:\/\/milchyn.cz\/st-link-programovani-stm32\",\"name\":\"st-link \u2013 programov\u00e1n\u00ed STM32 - milchyn.cz\",\"isPartOf\":{\"@id\":\"https:\/\/milchyn.cz\/#website\"},\"primaryImageOfPage\":{\"@id\":\"https:\/\/milchyn.cz\/st-link-programovani-stm32#primaryimage\"},\"image\":{\"@id\":\"https:\/\/milchyn.cz\/st-link-programovani-stm32#primaryimage\"},\"thumbnailUrl\":\"https:\/\/milchyn.cz\/wp-content\/uploads\/2023\/03\/St-Link-STM32F103C8T6-300x188.png\",\"datePublished\":\"2020-09-26T20:48:30+00:00\",\"dateModified\":\"2025-09-22T11:28:23+00:00\",\"breadcrumb\":{\"@id\":\"https:\/\/milchyn.cz\/st-link-programovani-stm32#breadcrumb\"},\"inLanguage\":\"cs\",\"potentialAction\":[{\"@type\":\"ReadAction\",\"target\":[\"https:\/\/milchyn.cz\/st-link-programovani-stm32\"]}]},{\"@type\":\"ImageObject\",\"inLanguage\":\"cs\",\"@id\":\"https:\/\/milchyn.cz\/st-link-programovani-stm32#primaryimage\",\"url\":\"https:\/\/milchyn.cz\/wp-content\/uploads\/2023\/03\/St-Link-STM32F103C8T6.png\",\"contentUrl\":\"https:\/\/milchyn.cz\/wp-content\/uploads\/2023\/03\/St-Link-STM32F103C8T6.png\",\"width\":640,\"height\":400},{\"@type\":\"BreadcrumbList\",\"@id\":\"https:\/\/milchyn.cz\/st-link-programovani-stm32#breadcrumb\",\"itemListElement\":[{\"@type\":\"ListItem\",\"position\":1,\"name\":\"Dom\u016f\",\"item\":\"https:\/\/milchyn.cz\/\"},{\"@type\":\"ListItem\",\"position\":2,\"name\":\"Linux\",\"item\":\"https:\/\/milchyn.cz\/pocitac-s-linuxem\"},{\"@type\":\"ListItem\",\"position\":3,\"name\":\"Po\u010d\u00edta\u010d s Xubuntu\",\"item\":\"https:\/\/milchyn.cz\/pocitac-s-linuxem\/pocitac-s-xubuntu\"},{\"@type\":\"ListItem\",\"position\":4,\"name\":\"Aplikace &#8211; Ostatn\u00ed \ud83c\udf00\",\"item\":\"https:\/\/milchyn.cz\/aplikace-ostatni\"},{\"@type\":\"ListItem\",\"position\":5,\"name\":\"st-link \u2013 programov\u00e1n\u00ed STM32\"}]},{\"@type\":\"WebSite\",\"@id\":\"https:\/\/milchyn.cz\/#website\",\"url\":\"https:\/\/milchyn.cz\/\",\"name\":\"milchyn.cz\",\"description\":\"\",\"potentialAction\":[{\"@type\":\"SearchAction\",\"target\":{\"@type\":\"EntryPoint\",\"urlTemplate\":\"https:\/\/milchyn.cz\/?s={search_term_string}\"},\"query-input\":{\"@type\":\"PropertyValueSpecification\",\"valueRequired\":true,\"valueName\":\"search_term_string\"}}],\"inLanguage\":\"cs\"}]}<\/script>\n<!-- \/ Yoast SEO plugin. -->","yoast_head_json":{"title":"st-link \u2013 programov\u00e1n\u00ed STM32 - milchyn.cz","robots":{"index":"index","follow":"follow","max-snippet":"max-snippet:-1","max-image-preview":"max-image-preview:large","max-video-preview":"max-video-preview:-1"},"canonical":"https:\/\/milchyn.cz\/st-link-programovani-stm32","og_locale":"cs_CZ","og_type":"article","og_title":"st-link \u2013 programov\u00e1n\u00ed STM32 - milchyn.cz","og_description":"Nainstalovat si: st-link &nbsp; Informace o STM32 \u010dipu st-info --probe P\u0159e\u010dten\u00ed STM32 \u010dipu 64kB st-flash read firmware.bin 0x8000000 0x10000 P\u0159e\u010dten\u00ed STM32 \u010dipu 128kB st-flash read firmware.bin 0x8000000 0x20000 P\u0159e\u010dten\u00ed STM32 \u010dipu 256kB st-flash read firmware.bin 0x8000000 0x40000 P\u0159e\u010dten\u00ed STM32 \u010dipu 512kB st-flash read firmware.bin 0x8000000 0x80000 Smaz\u00e1n\u00ed STM32 \u010dipu st-flash erase Nahr\u00e1n\u00ed STM32 \u010dipu st-flash [&hellip;]","og_url":"https:\/\/milchyn.cz\/st-link-programovani-stm32","og_site_name":"milchyn.cz","article_modified_time":"2025-09-22T11:28:23+00:00","og_image":[{"width":640,"height":400,"url":"https:\/\/milchyn.cz\/wp-content\/uploads\/2023\/03\/St-Link-STM32F103C8T6.png","type":"image\/png"}],"twitter_card":"summary_large_image","twitter_misc":{"Odhadovan\u00e1 doba \u010dten\u00ed":"1 minuta"},"schema":{"@context":"https:\/\/schema.org","@graph":[{"@type":"WebPage","@id":"https:\/\/milchyn.cz\/st-link-programovani-stm32","url":"https:\/\/milchyn.cz\/st-link-programovani-stm32","name":"st-link \u2013 programov\u00e1n\u00ed STM32 - milchyn.cz","isPartOf":{"@id":"https:\/\/milchyn.cz\/#website"},"primaryImageOfPage":{"@id":"https:\/\/milchyn.cz\/st-link-programovani-stm32#primaryimage"},"image":{"@id":"https:\/\/milchyn.cz\/st-link-programovani-stm32#primaryimage"},"thumbnailUrl":"https:\/\/milchyn.cz\/wp-content\/uploads\/2023\/03\/St-Link-STM32F103C8T6-300x188.png","datePublished":"2020-09-26T20:48:30+00:00","dateModified":"2025-09-22T11:28:23+00:00","breadcrumb":{"@id":"https:\/\/milchyn.cz\/st-link-programovani-stm32#breadcrumb"},"inLanguage":"cs","potentialAction":[{"@type":"ReadAction","target":["https:\/\/milchyn.cz\/st-link-programovani-stm32"]}]},{"@type":"ImageObject","inLanguage":"cs","@id":"https:\/\/milchyn.cz\/st-link-programovani-stm32#primaryimage","url":"https:\/\/milchyn.cz\/wp-content\/uploads\/2023\/03\/St-Link-STM32F103C8T6.png","contentUrl":"https:\/\/milchyn.cz\/wp-content\/uploads\/2023\/03\/St-Link-STM32F103C8T6.png","width":640,"height":400},{"@type":"BreadcrumbList","@id":"https:\/\/milchyn.cz\/st-link-programovani-stm32#breadcrumb","itemListElement":[{"@type":"ListItem","position":1,"name":"Dom\u016f","item":"https:\/\/milchyn.cz\/"},{"@type":"ListItem","position":2,"name":"Linux","item":"https:\/\/milchyn.cz\/pocitac-s-linuxem"},{"@type":"ListItem","position":3,"name":"Po\u010d\u00edta\u010d s Xubuntu","item":"https:\/\/milchyn.cz\/pocitac-s-linuxem\/pocitac-s-xubuntu"},{"@type":"ListItem","position":4,"name":"Aplikace &#8211; Ostatn\u00ed \ud83c\udf00","item":"https:\/\/milchyn.cz\/aplikace-ostatni"},{"@type":"ListItem","position":5,"name":"st-link \u2013 programov\u00e1n\u00ed STM32"}]},{"@type":"WebSite","@id":"https:\/\/milchyn.cz\/#website","url":"https:\/\/milchyn.cz\/","name":"milchyn.cz","description":"","potentialAction":[{"@type":"SearchAction","target":{"@type":"EntryPoint","urlTemplate":"https:\/\/milchyn.cz\/?s={search_term_string}"},"query-input":{"@type":"PropertyValueSpecification","valueRequired":true,"valueName":"search_term_string"}}],"inLanguage":"cs"}]}},"_links":{"self":[{"href":"https:\/\/milchyn.cz\/index.php?rest_route=\/wp\/v2\/pages\/5298","targetHints":{"allow":["GET"]}}],"collection":[{"href":"https:\/\/milchyn.cz\/index.php?rest_route=\/wp\/v2\/pages"}],"about":[{"href":"https:\/\/milchyn.cz\/index.php?rest_route=\/wp\/v2\/types\/page"}],"author":[{"embeddable":true,"href":"https:\/\/milchyn.cz\/index.php?rest_route=\/wp\/v2\/users\/1"}],"replies":[{"embeddable":true,"href":"https:\/\/milchyn.cz\/index.php?rest_route=%2Fwp%2Fv2%2Fcomments&post=5298"}],"version-history":[{"count":0,"href":"https:\/\/milchyn.cz\/index.php?rest_route=\/wp\/v2\/pages\/5298\/revisions"}],"up":[{"embeddable":true,"href":"https:\/\/milchyn.cz\/index.php?rest_route=\/wp\/v2\/pages\/2101"}],"wp:attachment":[{"href":"https:\/\/milchyn.cz\/index.php?rest_route=%2Fwp%2Fv2%2Fmedia&parent=5298"}],"curies":[{"name":"wp","href":"https:\/\/api.w.org\/{rel}","templated":true}]}}