{"id":128,"date":"2017-01-02T21:53:39","date_gmt":"2017-01-02T20:53:39","guid":{"rendered":"http:\/\/milchyn.cz\/?page_id=128"},"modified":"2017-01-02T21:53:39","modified_gmt":"2017-01-02T20:53:39","slug":"o-mne","status":"publish","type":"page","link":"https:\/\/milchyn.cz\/o-mne","title":{"rendered":"O mn\u011b"},"content":{"rendered":"<p style=\"text-align: left;\"><img decoding=\"async\" class=\"alignnone wp-image-1623\" style=\"width: 5vw; box-shadow: 0px 0px 0.4vw; margin-right: 11px; margin-bottom: 0;\" src=\"http:\/\/milchyn.cz\/wp-content\/uploads\/2021\/10\/MILAN_CHYNAVA-FOTO-100x75-1.png\" alt=\"\" \/>\u00a0 Jmenuji se Milan Chy\u0148ava,<\/p>\n<p style=\"text-indent: 0px;\">poch\u00e1z\u00edm ze severu \u010cech, jsem ro\u010dn\u00edk sedmdes\u00e1t. Zaj\u00edm\u00e1m se o muziku <em>(kl\u00e1vesy, kytara, baskytara)<\/em>, <a href=\"https:\/\/www.zonerama.com\/milchyn\" target=\"_blank\" rel=\"noopener noreferrer\">fotografov\u00e1n\u00ed<\/a>, po\u010d\u00edta\u010de se zam\u011b\u0159en\u00edm na Linux <em>(d\u0159\u00edve ve \u0160t\u011bt\u00ed n\u011bjak\u00e9 to desetilet\u00ed profesn\u011b)<\/em> a konstruk\u010dn\u011b elektroniku.<\/p>\n<p>Po p\u0159es\u00eddlen\u00ed do D\u011b\u010d\u00edna <em>(r. 2017)<\/em>\u00a0 se mi naskytla mo\u017enost m\u00edt pro zm\u011bnu elektroniku nejen jako z\u00e1libu. Nyn\u00ed u\u017e n\u011bjak\u00fd ten rok je mou\u00a0 profes\u00ed v jedn\u00e9 v\u00fdrobn\u00ed spole\u010dnosti. Sm\u011br jasn\u00fd. Imponuj\u00ed m\u011b zaj\u00edmav\u00e9 v\u011bci a \u0159e\u0161en\u00ed na jednodu\u0161e praktick\u00e9m principu. R\u00e1d komunikuji s lidmi o \u010demkoli smyslupln\u00e9m a podstatn\u00e1 je mi rovnov\u00e1ha ve v\u0161em.<\/p>\n<p>&nbsp;<\/p>\n<p><a style=\"display: inline-flex; align-items: center;\" href=\"mailto:info@milchyn.cz\"> <img decoding=\"async\" style=\"height: 1em; margin-right: 0.3em; vertical-align: middle;\" src=\"\/wp-content\/themes\/milchyn\/images\/email.png\" alt=\"Email\" \/> info@milchyn.cz <\/a><\/p>\n","protected":false},"excerpt":{"rendered":"<p>\u00a0 Jmenuji se Milan Chy\u0148ava, poch\u00e1z\u00edm ze severu \u010cech, jsem ro\u010dn\u00edk sedmdes\u00e1t. Zaj\u00edm\u00e1m se o muziku (kl\u00e1vesy, kytara, baskytara), fotografov\u00e1n\u00ed, po\u010d\u00edta\u010de se zam\u011b\u0159en\u00edm na Linux (d\u0159\u00edve ve \u0160t\u011bt\u00ed n\u011bjak\u00e9 to desetilet\u00ed profesn\u011b) a konstruk\u010dn\u011b elektroniku. Po p\u0159es\u00eddlen\u00ed do D\u011b\u010d\u00edna (r. 2017)\u00a0 se mi naskytla mo\u017enost m\u00edt pro zm\u011bnu elektroniku nejen jako z\u00e1libu. Nyn\u00ed u\u017e n\u011bjak\u00fd [&hellip;]<\/p>\n","protected":false},"author":1,"featured_media":0,"parent":0,"menu_order":99,"comment_status":"closed","ping_status":"closed","template":"","meta":{"footnotes":""},"class_list":["post-128","page","type-page","status-publish","hentry"],"yoast_head":"<!-- This site is optimized with the Yoast SEO plugin v26.1.1 - https:\/\/yoast.com\/wordpress\/plugins\/seo\/ -->\n<title>O mn\u011b - milchyn.cz<\/title>\n<meta name=\"robots\" content=\"index, follow, max-snippet:-1, max-image-preview:large, max-video-preview:-1\" \/>\n<link rel=\"canonical\" href=\"https:\/\/milchyn.cz\/o-mne\" \/>\n<meta property=\"og:locale\" content=\"cs_CZ\" \/>\n<meta property=\"og:type\" content=\"article\" \/>\n<meta property=\"og:title\" content=\"O mn\u011b - milchyn.cz\" \/>\n<meta property=\"og:description\" content=\"\u00a0 Jmenuji se Milan Chy\u0148ava, poch\u00e1z\u00edm ze severu \u010cech, jsem ro\u010dn\u00edk sedmdes\u00e1t. Zaj\u00edm\u00e1m se o muziku (kl\u00e1vesy, kytara, baskytara), fotografov\u00e1n\u00ed, po\u010d\u00edta\u010de se zam\u011b\u0159en\u00edm na Linux (d\u0159\u00edve ve \u0160t\u011bt\u00ed n\u011bjak\u00e9 to desetilet\u00ed profesn\u011b) a konstruk\u010dn\u011b elektroniku. Po p\u0159es\u00eddlen\u00ed do D\u011b\u010d\u00edna (r. 2017)\u00a0 se mi naskytla mo\u017enost m\u00edt pro zm\u011bnu elektroniku nejen jako z\u00e1libu. Nyn\u00ed u\u017e n\u011bjak\u00fd [&hellip;]\" \/>\n<meta property=\"og:url\" content=\"https:\/\/milchyn.cz\/o-mne\" \/>\n<meta property=\"og:site_name\" content=\"milchyn.cz\" \/>\n<meta name=\"twitter:card\" content=\"summary_large_image\" \/>\n<meta name=\"twitter:label1\" content=\"Odhadovan\u00e1 doba \u010dten\u00ed\" \/>\n\t<meta name=\"twitter:data1\" content=\"1 minuta\" \/>\n<script type=\"application\/ld+json\" class=\"yoast-schema-graph\">{\"@context\":\"https:\/\/schema.org\",\"@graph\":[{\"@type\":\"WebPage\",\"@id\":\"https:\/\/milchyn.cz\/o-mne\",\"url\":\"https:\/\/milchyn.cz\/o-mne\",\"name\":\"O mn\u011b - milchyn.cz\",\"isPartOf\":{\"@id\":\"https:\/\/milchyn.cz\/#website\"},\"primaryImageOfPage\":{\"@id\":\"https:\/\/milchyn.cz\/o-mne#primaryimage\"},\"image\":{\"@id\":\"https:\/\/milchyn.cz\/o-mne#primaryimage\"},\"thumbnailUrl\":\"http:\/\/milchyn.cz\/wp-content\/uploads\/2021\/10\/MILAN_CHYNAVA-FOTO-100x75-1.png\",\"datePublished\":\"2017-01-02T20:53:39+00:00\",\"breadcrumb\":{\"@id\":\"https:\/\/milchyn.cz\/o-mne#breadcrumb\"},\"inLanguage\":\"cs\",\"potentialAction\":[{\"@type\":\"ReadAction\",\"target\":[\"https:\/\/milchyn.cz\/o-mne\"]}]},{\"@type\":\"ImageObject\",\"inLanguage\":\"cs\",\"@id\":\"https:\/\/milchyn.cz\/o-mne#primaryimage\",\"url\":\"\",\"contentUrl\":\"\"},{\"@type\":\"BreadcrumbList\",\"@id\":\"https:\/\/milchyn.cz\/o-mne#breadcrumb\",\"itemListElement\":[{\"@type\":\"ListItem\",\"position\":1,\"name\":\"Dom\u016f\",\"item\":\"https:\/\/milchyn.cz\/\"},{\"@type\":\"ListItem\",\"position\":2,\"name\":\"O mn\u011b\"}]},{\"@type\":\"WebSite\",\"@id\":\"https:\/\/milchyn.cz\/#website\",\"url\":\"https:\/\/milchyn.cz\/\",\"name\":\"milchyn.cz\",\"description\":\"\",\"potentialAction\":[{\"@type\":\"SearchAction\",\"target\":{\"@type\":\"EntryPoint\",\"urlTemplate\":\"https:\/\/milchyn.cz\/?s={search_term_string}\"},\"query-input\":{\"@type\":\"PropertyValueSpecification\",\"valueRequired\":true,\"valueName\":\"search_term_string\"}}],\"inLanguage\":\"cs\"}]}<\/script>\n<!-- \/ Yoast SEO plugin. -->","yoast_head_json":{"title":"O mn\u011b - milchyn.cz","robots":{"index":"index","follow":"follow","max-snippet":"max-snippet:-1","max-image-preview":"max-image-preview:large","max-video-preview":"max-video-preview:-1"},"canonical":"https:\/\/milchyn.cz\/o-mne","og_locale":"cs_CZ","og_type":"article","og_title":"O mn\u011b - milchyn.cz","og_description":"\u00a0 Jmenuji se Milan Chy\u0148ava, poch\u00e1z\u00edm ze severu \u010cech, jsem ro\u010dn\u00edk sedmdes\u00e1t. Zaj\u00edm\u00e1m se o muziku (kl\u00e1vesy, kytara, baskytara), fotografov\u00e1n\u00ed, po\u010d\u00edta\u010de se zam\u011b\u0159en\u00edm na Linux (d\u0159\u00edve ve \u0160t\u011bt\u00ed n\u011bjak\u00e9 to desetilet\u00ed profesn\u011b) a konstruk\u010dn\u011b elektroniku. Po p\u0159es\u00eddlen\u00ed do D\u011b\u010d\u00edna (r. 2017)\u00a0 se mi naskytla mo\u017enost m\u00edt pro zm\u011bnu elektroniku nejen jako z\u00e1libu. Nyn\u00ed u\u017e n\u011bjak\u00fd [&hellip;]","og_url":"https:\/\/milchyn.cz\/o-mne","og_site_name":"milchyn.cz","twitter_card":"summary_large_image","twitter_misc":{"Odhadovan\u00e1 doba \u010dten\u00ed":"1 minuta"},"schema":{"@context":"https:\/\/schema.org","@graph":[{"@type":"WebPage","@id":"https:\/\/milchyn.cz\/o-mne","url":"https:\/\/milchyn.cz\/o-mne","name":"O mn\u011b - milchyn.cz","isPartOf":{"@id":"https:\/\/milchyn.cz\/#website"},"primaryImageOfPage":{"@id":"https:\/\/milchyn.cz\/o-mne#primaryimage"},"image":{"@id":"https:\/\/milchyn.cz\/o-mne#primaryimage"},"thumbnailUrl":"http:\/\/milchyn.cz\/wp-content\/uploads\/2021\/10\/MILAN_CHYNAVA-FOTO-100x75-1.png","datePublished":"2017-01-02T20:53:39+00:00","breadcrumb":{"@id":"https:\/\/milchyn.cz\/o-mne#breadcrumb"},"inLanguage":"cs","potentialAction":[{"@type":"ReadAction","target":["https:\/\/milchyn.cz\/o-mne"]}]},{"@type":"ImageObject","inLanguage":"cs","@id":"https:\/\/milchyn.cz\/o-mne#primaryimage","url":"","contentUrl":""},{"@type":"BreadcrumbList","@id":"https:\/\/milchyn.cz\/o-mne#breadcrumb","itemListElement":[{"@type":"ListItem","position":1,"name":"Dom\u016f","item":"https:\/\/milchyn.cz\/"},{"@type":"ListItem","position":2,"name":"O mn\u011b"}]},{"@type":"WebSite","@id":"https:\/\/milchyn.cz\/#website","url":"https:\/\/milchyn.cz\/","name":"milchyn.cz","description":"","potentialAction":[{"@type":"SearchAction","target":{"@type":"EntryPoint","urlTemplate":"https:\/\/milchyn.cz\/?s={search_term_string}"},"query-input":{"@type":"PropertyValueSpecification","valueRequired":true,"valueName":"search_term_string"}}],"inLanguage":"cs"}]}},"_links":{"self":[{"href":"https:\/\/milchyn.cz\/index.php?rest_route=\/wp\/v2\/pages\/128","targetHints":{"allow":["GET"]}}],"collection":[{"href":"https:\/\/milchyn.cz\/index.php?rest_route=\/wp\/v2\/pages"}],"about":[{"href":"https:\/\/milchyn.cz\/index.php?rest_route=\/wp\/v2\/types\/page"}],"author":[{"embeddable":true,"href":"https:\/\/milchyn.cz\/index.php?rest_route=\/wp\/v2\/users\/1"}],"replies":[{"embeddable":true,"href":"https:\/\/milchyn.cz\/index.php?rest_route=%2Fwp%2Fv2%2Fcomments&post=128"}],"version-history":[{"count":0,"href":"https:\/\/milchyn.cz\/index.php?rest_route=\/wp\/v2\/pages\/128\/revisions"}],"wp:attachment":[{"href":"https:\/\/milchyn.cz\/index.php?rest_route=%2Fwp%2Fv2%2Fmedia&parent=128"}],"curies":[{"name":"wp","href":"https:\/\/api.w.org\/{rel}","templated":true}]}}